{"id":518,"date":"2023-06-02T08:17:44","date_gmt":"2023-06-02T08:17:44","guid":{"rendered":"https:\/\/wordpress.educom.pt\/TIC-Portugal-23\/?page_id=518"},"modified":"2023-07-03T21:06:12","modified_gmt":"2023-07-03T21:06:12","slug":"ticportugal23-5","status":"publish","type":"page","link":"https:\/\/wordpress.educom.pt\/TIC-Portugal-23\/ticportugal23-5\/","title":{"rendered":"P\u00f3steres"},"content":{"rendered":"\t\t<div data-elementor-type=\"wp-page\" data-elementor-id=\"518\" class=\"elementor elementor-518\">\n\t\t\t\t\t\t\t<div class=\"elementor-element elementor-element-641be70 e-con-full e-flex e-con\" data-id=\"641be70\" data-element_type=\"container\" data-settings=\"{&quot;content_width&quot;:&quot;full&quot;,&quot;background_background&quot;:&quot;classic&quot;}\">\n\t\t\t\t<div class=\"elementor-element elementor-element-53be319d animated-slow elementor-invisible elementor-widget elementor-widget-heading\" data-id=\"53be319d\" data-element_type=\"widget\" data-settings=\"{&quot;_animation&quot;:&quot;slideInUp&quot;}\" data-widget_type=\"heading.default\">\n\t\t\t\t<div class=\"elementor-widget-container\">\n\t\t\t<style>\/*! elementor - v3.13.1 - 09-05-2023 *\/\n.elementor-heading-title{padding:0;margin:0;line-height:1}.elementor-widget-heading .elementor-heading-title[class*=elementor-size-]>a{color:inherit;font-size:inherit;line-height:inherit}.elementor-widget-heading .elementor-heading-title.elementor-size-small{font-size:15px}.elementor-widget-heading .elementor-heading-title.elementor-size-medium{font-size:19px}.elementor-widget-heading .elementor-heading-title.elementor-size-large{font-size:29px}.elementor-widget-heading .elementor-heading-title.elementor-size-xl{font-size:39px}.elementor-widget-heading .elementor-heading-title.elementor-size-xxl{font-size:59px}<\/style><h6 class=\"elementor-heading-title elementor-size-xxl\">TIC@PORTUGAL'23<\/h6>\t\t<\/div>\n\t\t\t\t<\/div>\n\t\t\t\t<\/div>\n\t\t<div class=\"elementor-element elementor-element-759ce66 e-con-boxed e-flex e-con\" data-id=\"759ce66\" data-element_type=\"container\" data-settings=\"{&quot;background_background&quot;:&quot;classic&quot;,&quot;content_width&quot;:&quot;boxed&quot;}\">\n\t\t\t\t\t<div class=\"e-con-inner\">\n\t\t<div class=\"elementor-element elementor-element-e176e8a e-con-full animated-fast e-flex elementor-invisible e-con\" data-id=\"e176e8a\" data-element_type=\"container\" data-settings=\"{&quot;content_width&quot;:&quot;full&quot;,&quot;animation&quot;:&quot;fadeInLeft&quot;}\">\n\t\t\t\t<div class=\"elementor-element elementor-element-14650f6 elementor-widget__width-initial elementor-widget elementor-widget-counter\" data-id=\"14650f6\" data-element_type=\"widget\" data-widget_type=\"counter.default\">\n\t\t\t\t<div class=\"elementor-widget-container\">\n\t\t\t<style>\/*! elementor - v3.13.1 - 09-05-2023 *\/\n.elementor-counter .elementor-counter-number-wrapper{display:flex;font-size:69px;font-weight:600;line-height:1}.elementor-counter .elementor-counter-number-prefix,.elementor-counter .elementor-counter-number-suffix{flex-grow:1;white-space:pre-wrap}.elementor-counter .elementor-counter-number-prefix{text-align:right}.elementor-counter .elementor-counter-number-suffix{text-align:left}.elementor-counter .elementor-counter-title{text-align:center;font-size:19px;font-weight:400;line-height:2.5}<\/style>\t\t<div class=\"elementor-counter\">\n\t\t\t<div class=\"elementor-counter-number-wrapper\">\n\t\t\t\t<span class=\"elementor-counter-number-prefix\"><\/span>\n\t\t\t\t<span class=\"elementor-counter-number\" data-duration=\"1000\" data-to-value=\"5\" data-from-value=\"0\" data-delimiter=\",\">0<\/span>\n\t\t\t\t<span class=\"elementor-counter-number-suffix\"><\/span>\n\t\t\t<\/div>\n\t\t\t\t\t\t\t<div class=\"elementor-counter-title\">JULHO<\/div>\n\t\t\t\t\t<\/div>\n\t\t\t\t<\/div>\n\t\t\t\t<\/div>\n\t\t\t\t<div class=\"elementor-element elementor-element-7bba5e1 elementor-widget elementor-widget-counter\" data-id=\"7bba5e1\" data-element_type=\"widget\" data-widget_type=\"counter.default\">\n\t\t\t\t<div class=\"elementor-widget-container\">\n\t\t\t\t\t<div class=\"elementor-counter\">\n\t\t\t<div class=\"elementor-counter-number-wrapper\">\n\t\t\t\t<span class=\"elementor-counter-number-prefix\">20<\/span>\n\t\t\t\t<span class=\"elementor-counter-number\" data-duration=\"2000\" data-to-value=\"23\" data-from-value=\"0\" data-delimiter=\",\">0<\/span>\n\t\t\t\t<span class=\"elementor-counter-number-suffix\"><\/span>\n\t\t\t<\/div>\n\t\t\t\t\t<\/div>\n\t\t\t\t<\/div>\n\t\t\t\t<\/div>\n\t\t\t\t<\/div>\n\t\t<div class=\"elementor-element elementor-element-85366a2 e-con-full e-flex e-con\" data-id=\"85366a2\" data-element_type=\"container\" data-settings=\"{&quot;content_width&quot;:&quot;full&quot;}\">\n\t\t\t\t<div class=\"elementor-element elementor-element-7394bb4 animated-fast elementor-invisible elementor-widget elementor-widget-heading\" data-id=\"7394bb4\" data-element_type=\"widget\" data-settings=\"{&quot;_animation&quot;:&quot;slideInRight&quot;}\" data-widget_type=\"heading.default\">\n\t\t\t\t<div class=\"elementor-widget-container\">\n\t\t\t<h4 class=\"elementor-heading-title elementor-size-xl\">P\u00d3STER<\/h4>\t\t<\/div>\n\t\t\t\t<\/div>\n\t\t\t\t<div class=\"elementor-element elementor-element-d036072 animated-slow elementor-invisible elementor-widget elementor-widget-text-editor\" data-id=\"d036072\" data-element_type=\"widget\" data-settings=\"{&quot;_animation&quot;:&quot;fadeInRight&quot;}\" data-widget_type=\"text-editor.default\">\n\t\t\t\t<div class=\"elementor-widget-container\">\n\t\t\t<style>\/*! elementor - v3.13.1 - 09-05-2023 *\/\n.elementor-widget-text-editor.elementor-drop-cap-view-stacked .elementor-drop-cap{background-color:#69727d;color:#fff}.elementor-widget-text-editor.elementor-drop-cap-view-framed .elementor-drop-cap{color:#69727d;border:3px solid;background-color:transparent}.elementor-widget-text-editor:not(.elementor-drop-cap-view-default) .elementor-drop-cap{margin-top:8px}.elementor-widget-text-editor:not(.elementor-drop-cap-view-default) .elementor-drop-cap-letter{width:1em;height:1em}.elementor-widget-text-editor .elementor-drop-cap{float:left;text-align:center;line-height:1;font-size:50px}.elementor-widget-text-editor .elementor-drop-cap-letter{display:inline-block}<\/style>\t\t\t\t<p>A realiza\u00e7\u00e3o do TIC@Portugal tem como objetivo juntar professores, educadores e investigadores para uma reflex\u00e3o sobre as pr\u00e1ticas do uso das TIC na Educa\u00e7\u00e3o.\u00a0<\/p><p>Este ano decidimos voltar a apostar na apresenta\u00e7\u00e3o de p\u00f3steres, que n\u00e3o s\u00f3 muito enriquecem o evento em termos informativos e em potencial refor\u00e7o da rede de participantes com as trocas de ideias a seu pretexto, como deixam um registo mais rico para mem\u00f3ria futura&#8230; E vamos faz\u00ea-lo de forma combinada com a homenagem que n\u00e3o pod\u00edamos deixar de fazer a dois colegas prematuramente desaparecidos e que, para al\u00e9m do seu papel relevante na Educa\u00e7\u00e3o Digital em Portugal, militaram nos \u00f3rg\u00e3os sociais da EDUCOM: o Prof. Doutor Jos\u00e9 Lu\u00eds Ramos da Universidade de \u00c9vora e o Doutor Fernando Eg\u00eddio Reis do Agrupamento de Escolas de Cacilhas. Assim sendo, o testemunho mais relevante enquanto Pr\u00e1ticas digitais significativas com alunos\u00a0 nas escolas do 1.\u00ba ciclo, receber\u00e1 o Diploma Professor Jos\u00e9 Lu\u00eds Ramos; e o depoimento mais significativo subordinado ao Uso significativo das TIC em gest\u00e3o escolar na transi\u00e7\u00e3o digital, o Diploma Doutor Fernando Eg\u00eddio Reis &#8211; estamos a procura associar parceiros a esta iniciativa de modo a configurar a mesma da forma mais substantiva poss\u00edvel.<\/p><p>A identifica\u00e7\u00e3o dos p\u00f3steres laureados estar\u00e1 a cargo de uma comiss\u00e3o constitu\u00edda pela EDUCOM para o efeito.<\/p>\t\t\t\t\t\t<\/div>\n\t\t\t\t<\/div>\n\t\t\t\t<\/div>\n\t\t\t\t\t<\/div>\n\t\t\t\t<\/div>\n\t\t<div class=\"elementor-element elementor-element-bfa0cf2 e-con-boxed e-flex e-con\" data-id=\"bfa0cf2\" data-element_type=\"container\" data-settings=\"{&quot;background_background&quot;:&quot;classic&quot;,&quot;content_width&quot;:&quot;boxed&quot;}\">\n\t\t\t\t\t<div class=\"e-con-inner\">\n\t\t\t\t<div class=\"elementor-element elementor-element-9c7cf88 elementor-widget elementor-widget-heading\" data-id=\"9c7cf88\" data-element_type=\"widget\" data-widget_type=\"heading.default\">\n\t\t\t\t<div class=\"elementor-widget-container\">\n\t\t\t<h4 class=\"elementor-heading-title elementor-size-default\">COMO PODEREI APRESENTAR UM P\u00d3STER?<\/h4>\t\t<\/div>\n\t\t\t\t<\/div>\n\t\t\t\t<div class=\"elementor-element elementor-element-5a28b75 elementor-widget elementor-widget-text-editor\" data-id=\"5a28b75\" data-element_type=\"widget\" data-widget_type=\"text-editor.default\">\n\t\t\t\t<div class=\"elementor-widget-container\">\n\t\t\t\t\t\t\t<p>Cada participante poder\u00e1 apresentar um P\u00f3ster de acordo com as informa\u00e7\u00f5es abaixo:<\/p><p>Diploma\u00a0<a href=\"https:\/\/educom.pt\/site\/2022\/08\/07\/ate-sempre-ze-luis-jamais-te-esqueceremos\/\" target=\"_blank\" rel=\"noopener\"><b>Jos\u00e9 Lu\u00eds Ramos<\/b><\/a><br \/>Tema:\u00a0<span style=\"text-align: var(--text-align);\"><b>Pr\u00e1ticas digitais significativas com alunos\u00a0 nas escolas do 1.\u00ba ciclo<\/b><\/span><\/p><p><span style=\"text-align: var(--text-align); color: var(--color); font-size: inherit; font-family: var(--fontFamily); font-style: var(--fontStyle, inherit); font-weight: var(--fontWeight); letter-spacing: var(--letterSpacing); text-transform: var(--textTransform);\">Diploma\u00a0<\/span><a href=\"https:\/\/educom.pt\/site\/2023\/03\/27\/ate-sempre-fernando\/\" target=\"_blank\" rel=\"noopener\"><b>Fernando Eg\u00eddio Reis<\/b><\/a><br \/>Tema: <b>Uso significativo das TIC em gest\u00e3o escolar na transi\u00e7\u00e3o digital<\/b><\/p><p>Os P\u00f3steres submetidos ser\u00e3o disponibilizados ao p\u00fablico por publica\u00e7\u00e3o\u00a0<i>online<\/i> nesta plataforma.<\/p><p><span style=\"font-size: inherit; text-align: inherit; color: var(--color); font-family: var(--fontFamily); font-style: var(--fontStyle, inherit); font-weight: var(--fontWeight); letter-spacing: var(--letterSpacing); text-transform: var(--textTransform);\">Independentemente do local de inscri\u00e7\u00e3o,\u00a0<\/span><span style=\"text-align: var(--text-align); color: var(--color); font-size: inherit; font-family: var(--fontFamily); font-style: var(--fontStyle, inherit); font-weight: var(--fontWeight); letter-spacing: var(--letterSpacing); text-transform: var(--textTransform);\">a sua apresenta\u00e7\u00e3o (15 min. + 5 min. de discuss\u00e3o) decorrer\u00e1 tamb\u00e9m <em>online<\/em> numa sala de videoconfer\u00eancia Zoom, no per\u00edodo da manh\u00e3, entre as 11h15 e as 12h45 &#8211; <a href=\"https:\/\/wordpress.educom.pt\/TIC-Portugal-23\/ticportugal23-2-3\/\" target=\"_blank\" rel=\"noopener\">consultar programa<\/a>.\u00a0<\/span><\/p>\t\t\t\t\t\t<\/div>\n\t\t\t\t<\/div>\n\t\t\t\t\t<\/div>\n\t\t\t\t<\/div>\n\t\t<div class=\"elementor-element elementor-element-530418f e-con-boxed e-flex e-con\" data-id=\"530418f\" data-element_type=\"container\" data-settings=\"{&quot;content_width&quot;:&quot;boxed&quot;}\">\n\t\t\t\t\t<div class=\"e-con-inner\">\n\t\t<div class=\"elementor-element elementor-element-880a263 e-con-full e-flex e-con\" data-id=\"880a263\" data-element_type=\"container\" data-settings=\"{&quot;content_width&quot;:&quot;full&quot;,&quot;background_background&quot;:&quot;classic&quot;}\">\n\t\t\t\t<div class=\"elementor-element elementor-element-052feef elementor-invisible elementor-widget elementor-widget-heading\" data-id=\"052feef\" data-element_type=\"widget\" data-settings=\"{&quot;_animation&quot;:&quot;fadeInDown&quot;}\" data-widget_type=\"heading.default\">\n\t\t\t\t<div class=\"elementor-widget-container\">\n\t\t\t<h5 class=\"elementor-heading-title elementor-size-default\">Pr\u00e1ticas digitais significativas com alunos  nas escolas do 1.\u00ba ciclo<\/h5>\t\t<\/div>\n\t\t\t\t<\/div>\n\t\t\t\t<div class=\"elementor-element elementor-element-34ca5e7 elementor-invisible elementor-widget elementor-widget-text-editor\" data-id=\"34ca5e7\" data-element_type=\"widget\" data-settings=\"{&quot;_animation&quot;:&quot;fadeInLeft&quot;}\" data-widget_type=\"text-editor.default\">\n\t\t\t\t<div class=\"elementor-widget-container\">\n\t\t\t\t\t\t\t<p>Com recurso ao modelo disponibilizado abaixo, em formato PowerPoint, e que poder\u00e1 ser adaptado e personalizado por cada professor ou conjunto de professores, dever\u00e1 ser constru\u00eddo um P\u00f3ster onde explicite uma ou mais pr\u00e1ticas educativas com alunos no 1.\u00ba ciclo em que a utiliza\u00e7\u00e3o das tecnologias digitais integre o processo. No P\u00f3ster ser\u00e3o apresentadas informa\u00e7\u00f5es relativas \u00e0 pr\u00e1tica: tema, objetivos, estrat\u00e9gias, produtos resultantes, impactos ou outras informa\u00e7\u00f5es consideradas relevantes.<\/p>\t\t\t\t\t\t<\/div>\n\t\t\t\t<\/div>\n\t\t\t\t<div class=\"elementor-element elementor-element-9789261 elementor-button-success elementor-align-center elementor-widget elementor-widget-button\" data-id=\"9789261\" data-element_type=\"widget\" data-widget_type=\"button.default\">\n\t\t\t\t<div class=\"elementor-widget-container\">\n\t\t\t\t\t<div class=\"elementor-button-wrapper\">\n\t\t\t<a href=\"https:\/\/wordpress.educom.pt\/TIC-Portugal-23\/wp-content\/uploads\/2023\/06\/Modelo-Geral-Poster-TIC@PT23_PJLR.pptx\" target=\"_blank\" class=\"elementor-button-link elementor-button elementor-size-sm\" role=\"button\">\n\t\t\t\t\t\t<span class=\"elementor-button-content-wrapper\">\n\t\t\t\t\t\t<span class=\"elementor-button-text\">Modelo edit\u00e1vel<\/span>\n\t\t<\/span>\n\t\t\t\t\t<\/a>\n\t\t<\/div>\n\t\t\t\t<\/div>\n\t\t\t\t<\/div>\n\t\t\t\t<\/div>\n\t\t<div class=\"elementor-element elementor-element-2ffb392 e-con-full e-flex e-con\" data-id=\"2ffb392\" data-element_type=\"container\" data-settings=\"{&quot;content_width&quot;:&quot;full&quot;,&quot;background_background&quot;:&quot;classic&quot;}\">\n\t\t\t\t<div class=\"elementor-element elementor-element-61afd0d elementor-invisible elementor-widget elementor-widget-heading\" data-id=\"61afd0d\" data-element_type=\"widget\" data-settings=\"{&quot;_animation&quot;:&quot;fadeInDown&quot;}\" data-widget_type=\"heading.default\">\n\t\t\t\t<div class=\"elementor-widget-container\">\n\t\t\t<h5 class=\"elementor-heading-title elementor-size-default\">Uso significativo das TIC em gest\u00e3o escolar na transi\u00e7\u00e3o digital<\/h5>\t\t<\/div>\n\t\t\t\t<\/div>\n\t\t\t\t<div class=\"elementor-element elementor-element-e2bbaf4 animated-slow elementor-invisible elementor-widget elementor-widget-text-editor\" data-id=\"e2bbaf4\" data-element_type=\"widget\" data-settings=\"{&quot;_animation&quot;:&quot;fadeInRight&quot;}\" data-widget_type=\"text-editor.default\">\n\t\t\t\t<div class=\"elementor-widget-container\">\n\t\t\t\t\t\t\t<p>Com recurso ao modelo disponibilizado abaixo, em formato PowerPoint, e que poder\u00e1 ser adaptado e personalizado, cada equipa de desenvolvimento digital ou escola dever\u00e1 conceber um P\u00f3ster onde explicite, no \u00e2mbito da implementa\u00e7\u00e3o do Plano de A\u00e7\u00e3o e Desenvolvimento Digital da Escola &#8211; PADDE, o trabalho desenvolvido para a transi\u00e7\u00e3o digital da escola, nomeadamente as iniciativas desenvolvidas, as estrat\u00e9gias implementadas, os resultados obtidos ou outras informa\u00e7\u00f5es consideradas relevantes.<\/p>\t\t\t\t\t\t<\/div>\n\t\t\t\t<\/div>\n\t\t\t\t<div class=\"elementor-element elementor-element-e473be7 elementor-button-success elementor-align-center elementor-widget elementor-widget-button\" data-id=\"e473be7\" data-element_type=\"widget\" data-widget_type=\"button.default\">\n\t\t\t\t<div class=\"elementor-widget-container\">\n\t\t\t\t\t<div class=\"elementor-button-wrapper\">\n\t\t\t<a href=\"https:\/\/wordpress.educom.pt\/TIC-Portugal-23\/wp-content\/uploads\/2023\/06\/Modelo-Geral-Poster-TIC@PT23_PFEG.pptx\" target=\"_blank\" class=\"elementor-button-link elementor-button elementor-size-sm\" role=\"button\">\n\t\t\t\t\t\t<span class=\"elementor-button-content-wrapper\">\n\t\t\t\t\t\t<span class=\"elementor-button-text\">Modelo edit\u00e1vel <\/span>\n\t\t<\/span>\n\t\t\t\t\t<\/a>\n\t\t<\/div>\n\t\t\t\t<\/div>\n\t\t\t\t<\/div>\n\t\t\t\t<\/div>\n\t\t\t\t\t<\/div>\n\t\t\t\t<\/div>\n\t\t<div class=\"elementor-element elementor-element-be9e721 e-con-boxed e-flex e-con\" data-id=\"be9e721\" data-element_type=\"container\" data-settings=\"{&quot;content_width&quot;:&quot;boxed&quot;}\">\n\t\t\t\t\t<div class=\"e-con-inner\">\n\t\t<div class=\"elementor-element elementor-element-efd6d09 e-con-full e-flex e-con\" data-id=\"efd6d09\" data-element_type=\"container\" data-settings=\"{&quot;content_width&quot;:&quot;full&quot;}\">\n\t\t\t\t<div class=\"elementor-element elementor-element-bc0ee69 animated-slow elementor-invisible elementor-widget elementor-widget-text-editor\" data-id=\"bc0ee69\" data-element_type=\"widget\" data-settings=\"{&quot;_animation&quot;:&quot;fadeIn&quot;}\" data-widget_type=\"text-editor.default\">\n\t\t\t\t<div class=\"elementor-widget-container\">\n\t\t\t\t\t\t\t<p><span style=\"font-size: inherit; text-align: inherit; background-color: var(--palettecolor7); color: var(--color); font-family: var(--fontFamily); font-style: var(--fontStyle, inherit); font-weight: var(--fontWeight); letter-spacing: var(--letterSpacing); text-transform: var(--textTransform);\">As submiss\u00f5es dever\u00e3o ser enviadas atrav\u00e9s de formul\u00e1rio e ser\u00e3o apreciadas pela organiza\u00e7\u00e3o quanto \u00e0 pertin\u00eancia da partilha e a conformidade com o modelo solicitado, n\u00e3o se realizando avalia\u00e7\u00e3o cient\u00edfica das mesmas.<\/span><\/p><p>A data limite para submiss\u00e3o de p\u00f3steres \u00e9 25 de junho de 2023.<\/p><p>A comiss\u00e3o organizadora informar\u00e1, por email, sobre a aceita\u00e7\u00e3o do p\u00f3ster at\u00e9 ao dia 26 de Junho de 2023 e posteriormente informar\u00e1 sobre a respetiva distribui\u00e7\u00e3o pelas diversas salas de videoconfer\u00eancia.<\/p><p>Acredita\u00e7\u00e3o do Encontro<br \/>Todos os participantes receber\u00e3o um certificado de participa\u00e7\u00e3o.<br \/>A certifica\u00e7\u00e3o como A\u00e7\u00e3o de Curta Dura\u00e7\u00e3o (ACD), num total de 6h, ser\u00e1 emitida por solicita\u00e7\u00e3o do pr\u00f3prio no formul\u00e1rio final de avalia\u00e7\u00e3o &#8211; que ser\u00e1 enviado no final do Encontro por email e implica participa\u00e7\u00e3o em todos os momentos do encontro: Abertura, Confer\u00eancia, Comunica\u00e7\u00f5es, Sess\u00f5es pr\u00e1ticas e Encerramento.<\/p>\t\t\t\t\t\t<\/div>\n\t\t\t\t<\/div>\n\t\t\t\t<div class=\"elementor-element elementor-element-7b7450d elementor-widget-divider--view-line elementor-widget elementor-widget-divider\" data-id=\"7b7450d\" data-element_type=\"widget\" data-widget_type=\"divider.default\">\n\t\t\t\t<div class=\"elementor-widget-container\">\n\t\t\t<style>\/*! elementor - v3.13.1 - 09-05-2023 *\/\n.elementor-widget-divider{--divider-border-style:none;--divider-border-width:1px;--divider-color:#0c0d0e;--divider-icon-size:20px;--divider-element-spacing:10px;--divider-pattern-height:24px;--divider-pattern-size:20px;--divider-pattern-url:none;--divider-pattern-repeat:repeat-x}.elementor-widget-divider .elementor-divider{display:flex}.elementor-widget-divider .elementor-divider__text{font-size:15px;line-height:1;max-width:95%}.elementor-widget-divider .elementor-divider__element{margin:0 var(--divider-element-spacing);flex-shrink:0}.elementor-widget-divider .elementor-icon{font-size:var(--divider-icon-size)}.elementor-widget-divider .elementor-divider-separator{display:flex;margin:0;direction:ltr}.elementor-widget-divider--view-line_icon .elementor-divider-separator,.elementor-widget-divider--view-line_text .elementor-divider-separator{align-items:center}.elementor-widget-divider--view-line_icon .elementor-divider-separator:after,.elementor-widget-divider--view-line_icon .elementor-divider-separator:before,.elementor-widget-divider--view-line_text .elementor-divider-separator:after,.elementor-widget-divider--view-line_text .elementor-divider-separator:before{display:block;content:\"\";border-bottom:0;flex-grow:1;border-top:var(--divider-border-width) var(--divider-border-style) var(--divider-color)}.elementor-widget-divider--element-align-left .elementor-divider .elementor-divider-separator>.elementor-divider__svg:first-of-type{flex-grow:0;flex-shrink:100}.elementor-widget-divider--element-align-left .elementor-divider-separator:before{content:none}.elementor-widget-divider--element-align-left .elementor-divider__element{margin-left:0}.elementor-widget-divider--element-align-right .elementor-divider .elementor-divider-separator>.elementor-divider__svg:last-of-type{flex-grow:0;flex-shrink:100}.elementor-widget-divider--element-align-right .elementor-divider-separator:after{content:none}.elementor-widget-divider--element-align-right .elementor-divider__element{margin-right:0}.elementor-widget-divider:not(.elementor-widget-divider--view-line_text):not(.elementor-widget-divider--view-line_icon) .elementor-divider-separator{border-top:var(--divider-border-width) var(--divider-border-style) var(--divider-color)}.elementor-widget-divider--separator-type-pattern{--divider-border-style:none}.elementor-widget-divider--separator-type-pattern.elementor-widget-divider--view-line .elementor-divider-separator,.elementor-widget-divider--separator-type-pattern:not(.elementor-widget-divider--view-line) .elementor-divider-separator:after,.elementor-widget-divider--separator-type-pattern:not(.elementor-widget-divider--view-line) .elementor-divider-separator:before,.elementor-widget-divider--separator-type-pattern:not([class*=elementor-widget-divider--view]) .elementor-divider-separator{width:100%;min-height:var(--divider-pattern-height);-webkit-mask-size:var(--divider-pattern-size) 100%;mask-size:var(--divider-pattern-size) 100%;-webkit-mask-repeat:var(--divider-pattern-repeat);mask-repeat:var(--divider-pattern-repeat);background-color:var(--divider-color);-webkit-mask-image:var(--divider-pattern-url);mask-image:var(--divider-pattern-url)}.elementor-widget-divider--no-spacing{--divider-pattern-size:auto}.elementor-widget-divider--bg-round{--divider-pattern-repeat:round}.rtl .elementor-widget-divider .elementor-divider__text{direction:rtl}.e-con-inner>.elementor-widget-divider,.e-con>.elementor-widget-divider{width:var(--container-widget-width,100%);--flex-grow:var(--container-widget-flex-grow)}<\/style>\t\t<div class=\"elementor-divider\">\n\t\t\t<span class=\"elementor-divider-separator\">\n\t\t\t\t\t\t<\/span>\n\t\t<\/div>\n\t\t\t\t<\/div>\n\t\t\t\t<\/div>\n\t\t\t\t<div class=\"elementor-element elementor-element-62613e4 elementor-button-info elementor-align-center elementor-widget elementor-widget-button\" data-id=\"62613e4\" data-element_type=\"widget\" data-widget_type=\"button.default\">\n\t\t\t\t<div class=\"elementor-widget-container\">\n\t\t\t\t\t<div class=\"elementor-button-wrapper\">\n\t\t\t<a href=\"https:\/\/forms.gle\/S56c9W5P73BmsLLu6\" target=\"_blank\" class=\"elementor-button-link elementor-button elementor-size-md\" role=\"button\">\n\t\t\t\t\t\t<span class=\"elementor-button-content-wrapper\">\n\t\t\t\t\t\t<span class=\"elementor-button-text\">ENVIAR P\u00d3STER<\/span>\n\t\t<\/span>\n\t\t\t\t\t<\/a>\n\t\t<\/div>\n\t\t\t\t<\/div>\n\t\t\t\t<\/div>\n\t\t\t\t<div class=\"elementor-element elementor-element-6f88e91 elementor-view-default elementor-widget elementor-widget-icon\" data-id=\"6f88e91\" data-element_type=\"widget\" data-widget_type=\"icon.default\">\n\t\t\t\t<div class=\"elementor-widget-container\">\n\t\t\t\t\t<div class=\"elementor-icon-wrapper\">\n\t\t\t<div class=\"elementor-icon\">\n\t\t\t<svg aria-hidden=\"true\" class=\"e-font-icon-svg e-fas-question\" viewBox=\"0 0 384 512\" xmlns=\"http:\/\/www.w3.org\/2000\/svg\"><path d=\"M202.021 0C122.202 0 70.503 32.703 29.914 91.026c-7.363 10.58-5.093 25.086 5.178 32.874l43.138 32.709c10.373 7.865 25.132 6.026 33.253-4.148 25.049-31.381 43.63-49.449 82.757-49.449 30.764 0 68.816 19.799 68.816 49.631 0 22.552-18.617 34.134-48.993 51.164-35.423 19.86-82.299 44.576-82.299 106.405V320c0 13.255 10.745 24 24 24h72.471c13.255 0 24-10.745 24-24v-5.773c0-42.86 125.268-44.645 125.268-160.627C377.504 66.256 286.902 0 202.021 0zM192 373.459c-38.196 0-69.271 31.075-69.271 69.271 0 38.195 31.075 69.27 69.271 69.27s69.271-31.075 69.271-69.271-31.075-69.27-69.271-69.27z\"><\/path><\/svg>\t\t\t<\/div>\n\t\t<\/div>\n\t\t\t\t<\/div>\n\t\t\t\t<\/div>\n\t\t\t\t<div class=\"elementor-element elementor-element-78aeffa elementor-widget elementor-widget-text-editor\" data-id=\"78aeffa\" data-element_type=\"widget\" data-widget_type=\"text-editor.default\">\n\t\t\t\t<div class=\"elementor-widget-container\">\n\t\t\t\t\t\t\t<p style=\"text-align: center;\">Quaisquer d\u00favidas poder\u00e3o ser esclarecidas por email:\u00a0<strong>tic.portugal@educom.pt\u00a0<\/strong>ou por telefone:\u00a0<strong>96 73 01 886<\/strong> \u2013 David Costa; <strong>96 50 28 719<\/strong> &#8211; V\u00edtor Godinho<\/p>\t\t\t\t\t\t<\/div>\n\t\t\t\t<\/div>\n\t\t\t\t<\/div>\n\t\t\t\t\t<\/div>\n\t\t\t\t<\/div>\n\t\t\t\t\t\t\t<\/div>\n\t\t","protected":false},"excerpt":{"rendered":"<p>TIC@PORTUGAL&#8217;23 0 JULHO 20 0 P\u00d3STER A realiza\u00e7\u00e3o do TIC@Portugal tem como objetivo juntar professores, educadores e investigadores para uma reflex\u00e3o sobre as pr\u00e1ticas do uso das TIC na Educa\u00e7\u00e3o.\u00a0 Este ano decidimos voltar a apostar na apresenta\u00e7\u00e3o de p\u00f3steres, que n\u00e3o s\u00f3 muito enriquecem o evento em termos informativos e em potencial refor\u00e7o da rede de participantes com as trocas de ideias a seu pretexto, como deixam um registo mais rico para mem\u00f3ria futura&#8230; E vamos faz\u00ea-lo de forma combinada com a homenagem que n\u00e3o pod\u00edamos deixar de fazer a dois colegas prematuramente desaparecidos e que, para al\u00e9m do\u2026<\/p>\n","protected":false},"author":2,"featured_media":0,"parent":0,"menu_order":0,"comment_status":"closed","ping_status":"closed","template":"elementor_header_footer","meta":{"footnotes":""},"class_list":["post-518","page","type-page","status-publish","hentry"],"blocksy_meta":"","_links":{"self":[{"href":"https:\/\/wordpress.educom.pt\/TIC-Portugal-23\/wp-json\/wp\/v2\/pages\/518","targetHints":{"allow":["GET"]}}],"collection":[{"href":"https:\/\/wordpress.educom.pt\/TIC-Portugal-23\/wp-json\/wp\/v2\/pages"}],"about":[{"href":"https:\/\/wordpress.educom.pt\/TIC-Portugal-23\/wp-json\/wp\/v2\/types\/page"}],"author":[{"embeddable":true,"href":"https:\/\/wordpress.educom.pt\/TIC-Portugal-23\/wp-json\/wp\/v2\/users\/2"}],"replies":[{"embeddable":true,"href":"https:\/\/wordpress.educom.pt\/TIC-Portugal-23\/wp-json\/wp\/v2\/comments?post=518"}],"version-history":[{"count":31,"href":"https:\/\/wordpress.educom.pt\/TIC-Portugal-23\/wp-json\/wp\/v2\/pages\/518\/revisions"}],"predecessor-version":[{"id":2328,"href":"https:\/\/wordpress.educom.pt\/TIC-Portugal-23\/wp-json\/wp\/v2\/pages\/518\/revisions\/2328"}],"wp:attachment":[{"href":"https:\/\/wordpress.educom.pt\/TIC-Portugal-23\/wp-json\/wp\/v2\/media?parent=518"}],"curies":[{"name":"wp","href":"https:\/\/api.w.org\/{rel}","templated":true}]}}