{"id":650,"date":"2023-06-09T11:05:54","date_gmt":"2023-06-09T11:05:54","guid":{"rendered":"https:\/\/wordpress.educom.pt\/TIC-Portugal-23\/?page_id=650"},"modified":"2023-06-09T11:17:42","modified_gmt":"2023-06-09T11:17:42","slug":"ticportugal23-2-2-2","status":"publish","type":"page","link":"https:\/\/wordpress.educom.pt\/TIC-Portugal-23\/ticportugal23-2-2-2\/","title":{"rendered":"Jo\u00e3o Correia de Freitas"},"content":{"rendered":"\t\t<div data-elementor-type=\"wp-page\" data-elementor-id=\"650\" class=\"elementor elementor-650\">\n\t\t\t\t\t\t\t<div class=\"elementor-element elementor-element-641be70 e-con-full e-flex e-con\" data-id=\"641be70\" data-element_type=\"container\" data-settings=\"{&quot;content_width&quot;:&quot;full&quot;,&quot;background_background&quot;:&quot;classic&quot;}\">\n\t\t\t\t<div class=\"elementor-element elementor-element-53be319d animated-slow elementor-invisible elementor-widget elementor-widget-heading\" data-id=\"53be319d\" data-element_type=\"widget\" data-settings=\"{&quot;_animation&quot;:&quot;slideInUp&quot;}\" data-widget_type=\"heading.default\">\n\t\t\t\t<div class=\"elementor-widget-container\">\n\t\t\t<style>\/*! elementor - v3.13.1 - 09-05-2023 *\/\n.elementor-heading-title{padding:0;margin:0;line-height:1}.elementor-widget-heading .elementor-heading-title[class*=elementor-size-]>a{color:inherit;font-size:inherit;line-height:inherit}.elementor-widget-heading .elementor-heading-title.elementor-size-small{font-size:15px}.elementor-widget-heading .elementor-heading-title.elementor-size-medium{font-size:19px}.elementor-widget-heading .elementor-heading-title.elementor-size-large{font-size:29px}.elementor-widget-heading .elementor-heading-title.elementor-size-xl{font-size:39px}.elementor-widget-heading .elementor-heading-title.elementor-size-xxl{font-size:59px}<\/style><h6 class=\"elementor-heading-title elementor-size-xxl\">TIC@PORTUGAL'23<\/h6>\t\t<\/div>\n\t\t\t\t<\/div>\n\t\t\t\t<\/div>\n\t\t<div class=\"elementor-element elementor-element-759ce66 e-con-boxed e-flex e-con\" data-id=\"759ce66\" data-element_type=\"container\" data-settings=\"{&quot;content_width&quot;:&quot;boxed&quot;}\">\n\t\t\t\t\t<div class=\"e-con-inner\">\n\t\t<div class=\"elementor-element elementor-element-e176e8a e-con-full animated-fast e-flex elementor-invisible e-con\" data-id=\"e176e8a\" data-element_type=\"container\" data-settings=\"{&quot;content_width&quot;:&quot;full&quot;,&quot;animation&quot;:&quot;fadeInLeft&quot;}\">\n\t\t\t\t<div class=\"elementor-element elementor-element-e28843e elementor-widget elementor-widget-image\" data-id=\"e28843e\" data-element_type=\"widget\" data-widget_type=\"image.default\">\n\t\t\t\t<div class=\"elementor-widget-container\">\n\t\t\t<style>\/*! elementor - v3.13.1 - 09-05-2023 *\/\n.elementor-widget-image{text-align:center}.elementor-widget-image a{display:inline-block}.elementor-widget-image a img[src$=\".svg\"]{width:48px}.elementor-widget-image img{vertical-align:middle;display:inline-block}<\/style>\t\t\t\t\t\t\t\t\t\t\t\t<img loading=\"lazy\" decoding=\"async\" width=\"150\" height=\"150\" src=\"https:\/\/wordpress.educom.pt\/TIC-Portugal-23\/wp-content\/uploads\/2023\/06\/JCF-150x150.jpg\" class=\"attachment-thumbnail size-thumbnail wp-image-653\" alt=\"\" srcset=\"https:\/\/wordpress.educom.pt\/TIC-Portugal-23\/wp-content\/uploads\/2023\/06\/JCF-150x150.jpg 150w, https:\/\/wordpress.educom.pt\/TIC-Portugal-23\/wp-content\/uploads\/2023\/06\/JCF.jpg 226w\" sizes=\"auto, (max-width: 150px) 100vw, 150px\" \/>\t\t\t\t\t\t\t\t\t\t\t\t\t\t\t<\/div>\n\t\t\t\t<\/div>\n\t\t\t\t<\/div>\n\t\t<div class=\"elementor-element elementor-element-85366a2 e-con-full e-flex e-con\" data-id=\"85366a2\" data-element_type=\"container\" data-settings=\"{&quot;content_width&quot;:&quot;full&quot;}\">\n\t\t\t\t<div class=\"elementor-element elementor-element-7394bb4 animated-fast elementor-invisible elementor-widget elementor-widget-heading\" data-id=\"7394bb4\" data-element_type=\"widget\" data-settings=\"{&quot;_animation&quot;:&quot;slideInRight&quot;}\" data-widget_type=\"heading.default\">\n\t\t\t\t<div class=\"elementor-widget-container\">\n\t\t\t<h3 class=\"elementor-heading-title elementor-size-medium\">Jo\u00e3o Correia de Freitas<\/h3>\t\t<\/div>\n\t\t\t\t<\/div>\n\t\t\t\t<div class=\"elementor-element elementor-element-4dfc7ad animated-fast elementor-invisible elementor-widget elementor-widget-heading\" data-id=\"4dfc7ad\" data-element_type=\"widget\" data-settings=\"{&quot;_animation&quot;:&quot;slideInRight&quot;}\" data-widget_type=\"heading.default\">\n\t\t\t\t<div class=\"elementor-widget-container\">\n\t\t\t<h4 class=\"elementor-heading-title elementor-size-small\">EDUCOM \u2013 Associa\u00e7\u00e3o Portuguesa de Telem\u00e1tica Educativa<\/h4>\t\t<\/div>\n\t\t\t\t<\/div>\n\t\t\t\t<div class=\"elementor-element elementor-element-d036072 animated-slow elementor-invisible elementor-widget elementor-widget-text-editor\" data-id=\"d036072\" data-element_type=\"widget\" data-settings=\"{&quot;_animation&quot;:&quot;fadeInRight&quot;}\" data-widget_type=\"text-editor.default\">\n\t\t\t\t<div class=\"elementor-widget-container\">\n\t\t\t<style>\/*! elementor - v3.13.1 - 09-05-2023 *\/\n.elementor-widget-text-editor.elementor-drop-cap-view-stacked .elementor-drop-cap{background-color:#69727d;color:#fff}.elementor-widget-text-editor.elementor-drop-cap-view-framed .elementor-drop-cap{color:#69727d;border:3px solid;background-color:transparent}.elementor-widget-text-editor:not(.elementor-drop-cap-view-default) .elementor-drop-cap{margin-top:8px}.elementor-widget-text-editor:not(.elementor-drop-cap-view-default) .elementor-drop-cap-letter{width:1em;height:1em}.elementor-widget-text-editor .elementor-drop-cap{float:left;text-align:center;line-height:1;font-size:50px}.elementor-widget-text-editor .elementor-drop-cap-letter{display:inline-block}<\/style>\t\t\t\t<p>Jo\u00e3o Correia de Freitas \u00e9 Bi\u00f3logo pela Faculdade de Ci\u00eancias da Universidade de Lisboa e doutor em Ci\u00eancias da Educa\u00e7\u00e3o pela Universidade Nova de Lisboa (UNL). \u00c9 Professor Auxiliar e investigador da Faculdade de Ci\u00eancias e Tecnologia (FCT) da mesma universidade, no dom\u00ednio das Tecnologias Educativas e do e-Learning, lecionando tanto ao n\u00edvel de mestrado como de doutoramento e orientando disserta\u00e7\u00f5es e teses de mestrado e doutoramento neste dom\u00ednio. Na mesma faculdade \u00e9 tamb\u00e9m investigador da UIED \u2013 Unidade de Investiga\u00e7\u00e3o Educa\u00e7\u00e3o e Desenvolvimento e, desde 2008, respons\u00e1vel pelo Laborat\u00f3rio de e-Learning da FCTUNL.<\/p><p>\u00c9 autor ou coautor de artigos cient\u00edficos e tem realizado in\u00fameras palestras sobre Educa\u00e7\u00e3o e Tecnologias. \u00c9 membro da Sec\u00e7\u00e3o de Educa\u00e7\u00e3o a Dist\u00e2ncia da Sociedade Portuguesa de Ci\u00eancias da Educa\u00e7\u00e3o e coordenador do Grupo de Trabalho Ambientes e Pr\u00e1ticas Emergentes.<\/p><p>\u00c9 s\u00f3cio fundador e atual presidente da Dire\u00e7\u00e3o da EDUCOM \u2013 Associa\u00e7\u00e3o Portuguesa de Telem\u00e1tica Educativa, associa\u00e7\u00e3o que promove o uso educativo inovador das tecnologias e ambientes digitais; colaborador da APDSI \u2013 Associa\u00e7\u00e3o Portuguesa para o Desenvolvimento da Sociedade da Informa\u00e7\u00e3o e da Ordem de Bi\u00f3logos.<\/p><p>\u00c9 formador certificado de professores do ensino b\u00e1sico e secund\u00e1rio, no dom\u00ednio das tecnologias educativas. Tem pertencido ao Conselho Geral de escolas e agrupamentos, enquanto membro da comunidade.<\/p><p>Foi professor do Ensino Secund\u00e1rio de 1979 a 1988, tendo em 1983 criado o N\u00facleo de Inform\u00e1tica da Escola Secund\u00e1ria da Parede, vindo a ser destacado para o polo FCT UNL do Projeto MINERVA em 1986. Ingressou como Assistente Convidado na referida faculdade em 1988, mantendo o seu envolvimento no projeto, formando professores e divulgando e apoiando o uso de computadores e redes no ensino superior, tendo coordenado o Servi\u00e7o de Inform\u00e1tica entre 1994 e 1997.<\/p><p>Participou ativamente em projetos e programas de car\u00e1cter nacional no dom\u00ednio do uso educativo das tecnologias desde 1985: foi respons\u00e1vel pelo polo FCT UNL do Projeto MINERVA(1988-1994), pelo centro de compet\u00eancia N\u00f3nio S\u00e9culo XXI da associa\u00e7\u00e3o EDUCOM (1996-1997), pela uARTE \u2013 Programa Internet na Escola do Minist\u00e9rio da Ci\u00eancia e Tecnologia (1997-2002) e pela Equipa de Miss\u00e3o Computadores Redes e Internet nas Escolas (CRIE) do Minist\u00e9rio da Educa\u00e7\u00e3o (2005-2007). Entre 1992 e 2014, participou ainda ativamente no movimento associativo de pais e encarregados de educa\u00e7\u00e3o.<\/p>\t\t\t\t\t\t<\/div>\n\t\t\t\t<\/div>\n\t\t\t\t<\/div>\n\t\t\t\t\t<\/div>\n\t\t\t\t<\/div>\n\t\t\t\t\t\t\t<\/div>\n\t\t","protected":false},"excerpt":{"rendered":"<p>TIC@PORTUGAL&#8217;23 Jo\u00e3o Correia de Freitas EDUCOM \u2013 Associa\u00e7\u00e3o Portuguesa de Telem\u00e1tica Educativa Jo\u00e3o Correia de Freitas \u00e9 Bi\u00f3logo pela Faculdade de Ci\u00eancias da Universidade de Lisboa e doutor em Ci\u00eancias da Educa\u00e7\u00e3o pela Universidade Nova de Lisboa (UNL). \u00c9 Professor Auxiliar e investigador da Faculdade de Ci\u00eancias e Tecnologia (FCT) da mesma universidade, no dom\u00ednio das Tecnologias Educativas e do e-Learning, lecionando tanto ao n\u00edvel de mestrado como de doutoramento e orientando disserta\u00e7\u00f5es e teses de mestrado e doutoramento neste dom\u00ednio. Na mesma faculdade \u00e9 tamb\u00e9m investigador da UIED \u2013 Unidade de Investiga\u00e7\u00e3o Educa\u00e7\u00e3o e Desenvolvimento e, desde 2008, respons\u00e1vel\u2026<\/p>\n","protected":false},"author":2,"featured_media":0,"parent":0,"menu_order":0,"comment_status":"closed","ping_status":"closed","template":"elementor_header_footer","meta":{"footnotes":""},"class_list":["post-650","page","type-page","status-publish","hentry"],"blocksy_meta":"","_links":{"self":[{"href":"https:\/\/wordpress.educom.pt\/TIC-Portugal-23\/wp-json\/wp\/v2\/pages\/650","targetHints":{"allow":["GET"]}}],"collection":[{"href":"https:\/\/wordpress.educom.pt\/TIC-Portugal-23\/wp-json\/wp\/v2\/pages"}],"about":[{"href":"https:\/\/wordpress.educom.pt\/TIC-Portugal-23\/wp-json\/wp\/v2\/types\/page"}],"author":[{"embeddable":true,"href":"https:\/\/wordpress.educom.pt\/TIC-Portugal-23\/wp-json\/wp\/v2\/users\/2"}],"replies":[{"embeddable":true,"href":"https:\/\/wordpress.educom.pt\/TIC-Portugal-23\/wp-json\/wp\/v2\/comments?post=650"}],"version-history":[{"count":4,"href":"https:\/\/wordpress.educom.pt\/TIC-Portugal-23\/wp-json\/wp\/v2\/pages\/650\/revisions"}],"predecessor-version":[{"id":658,"href":"https:\/\/wordpress.educom.pt\/TIC-Portugal-23\/wp-json\/wp\/v2\/pages\/650\/revisions\/658"}],"wp:attachment":[{"href":"https:\/\/wordpress.educom.pt\/TIC-Portugal-23\/wp-json\/wp\/v2\/media?parent=650"}],"curies":[{"name":"wp","href":"https:\/\/api.w.org\/{rel}","templated":true}]}}

João Correia de Freitas

<div data-elementor-type="wp-page" data-elementor-id="650" class="elementor elementor-650">
							<div class="elementor-element elementor-element-641be70 e-con-full e-flex e-con" data-id="641be70" data-element_type="container" data-settings="{&quot;content_width&quot;:&quot;full&quot;,&quot;background_background&quot;:&quot;classic&quot;}">
				<div class="elementor-element elementor-element-53be319d animated-slow elementor-invisible elementor-widget elementor-widget-heading" data-id="53be319d" data-element_type="widget" data-settings="{&quot;_animation&quot;:&quot;slideInUp&quot;}" data-widget_type="heading.default">
				<div class="elementor-widget-container">
			<style>/*! elementor - v3.13.1 - 09-05-2023 */
.elementor-heading-title{padding:0;margin:0;line-height:1}.elementor-widget-heading .elementor-heading-title[class*=elementor-size-]>a{color:inherit;font-size:inherit;line-height:inherit}.elementor-widget-heading .elementor-heading-title.elementor-size-small{font-size:15px}.elementor-widget-heading .elementor-heading-title.elementor-size-medium{font-size:19px}.elementor-widget-heading .elementor-heading-title.elementor-size-large{font-size:29px}.elementor-widget-heading .elementor-heading-title.elementor-size-xl{font-size:39px}.elementor-widget-heading .elementor-heading-title.elementor-size-xxl{font-size:59px}</style><h6 class="elementor-heading-title elementor-size-xxl">TIC@PORTUGAL'23</h6>		</div>
				</div>
				</div>
		<div class="elementor-element elementor-element-759ce66 e-con-boxed e-flex e-con" data-id="759ce66" data-element_type="container" data-settings="{&quot;content_width&quot;:&quot;boxed&quot;}">
					<div class="e-con-inner">
		<div class="elementor-element elementor-element-e176e8a e-con-full animated-fast e-flex elementor-invisible e-con" data-id="e176e8a" data-element_type="container" data-settings="{&quot;content_width&quot;:&quot;full&quot;,&quot;animation&quot;:&quot;fadeInLeft&quot;}">
				<div class="elementor-element elementor-element-e28843e elementor-widget elementor-widget-image" data-id="e28843e" data-element_type="widget" data-widget_type="image.default">
				<div class="elementor-widget-container">
			<style>/*! elementor - v3.13.1 - 09-05-2023 */
.elementor-widget-image{text-align:center}.elementor-widget-image a{display:inline-block}.elementor-widget-image a img[src$=".svg"]{width:48px}.elementor-widget-image img{vertical-align:middle;display:inline-block}</style>												<img loading="lazy" decoding="async" width="150" height="150" src="https://wordpress.educom.pt/TIC-Portugal-23/wp-content/uploads/2023/06/JCF-150x150.jpg" class="attachment-thumbnail size-thumbnail wp-image-653" alt="" srcset="https://wordpress.educom.pt/TIC-Portugal-23/wp-content/uploads/2023/06/JCF-150x150.jpg 150w, https://wordpress.educom.pt/TIC-Portugal-23/wp-content/uploads/2023/06/JCF.jpg 226w" sizes="auto, (max-width: 150px) 100vw, 150px" />															</div>
				</div>
				</div>
		<div class="elementor-element elementor-element-85366a2 e-con-full e-flex e-con" data-id="85366a2" data-element_type="container" data-settings="{&quot;content_width&quot;:&quot;full&quot;}">
				<div class="elementor-element elementor-element-7394bb4 animated-fast elementor-invisible elementor-widget elementor-widget-heading" data-id="7394bb4" data-element_type="widget" data-settings="{&quot;_animation&quot;:&quot;slideInRight&quot;}" data-widget_type="heading.default">
				<div class="elementor-widget-container">
			<h3 class="elementor-heading-title elementor-size-medium">João Correia de Freitas</h3>		</div>
				</div>
				<div class="elementor-element elementor-element-4dfc7ad animated-fast elementor-invisible elementor-widget elementor-widget-heading" data-id="4dfc7ad" data-element_type="widget" data-settings="{&quot;_animation&quot;:&quot;slideInRight&quot;}" data-widget_type="heading.default">
				<div class="elementor-widget-container">
			<h4 class="elementor-heading-title elementor-size-small">EDUCOM – Associação Portuguesa de Telemática Educativa</h4>		</div>
				</div>
				<div class="elementor-element elementor-element-d036072 animated-slow elementor-invisible elementor-widget elementor-widget-text-editor" data-id="d036072" data-element_type="widget" data-settings="{&quot;_animation&quot;:&quot;fadeInRight&quot;}" data-widget_type="text-editor.default">
				<div class="elementor-widget-container">
			<style>/*! elementor - v3.13.1 - 09-05-2023 */
.elementor-widget-text-editor.elementor-drop-cap-view-stacked .elementor-drop-cap{background-color:#69727d;color:#fff}.elementor-widget-text-editor.elementor-drop-cap-view-framed .elementor-drop-cap{color:#69727d;border:3px solid;background-color:transparent}.elementor-widget-text-editor:not(.elementor-drop-cap-view-default) .elementor-drop-cap{margin-top:8px}.elementor-widget-text-editor:not(.elementor-drop-cap-view-default) .elementor-drop-cap-letter{width:1em;height:1em}.elementor-widget-text-editor .elementor-drop-cap{float:left;text-align:center;line-height:1;font-size:50px}.elementor-widget-text-editor .elementor-drop-cap-letter{display:inline-block}</style>				<p>João Correia de Freitas é Biólogo pela Faculdade de Ciências da Universidade de Lisboa e doutor em Ciências da Educação pela Universidade Nova de Lisboa (UNL). É Professor Auxiliar e investigador da Faculdade de Ciências e Tecnologia (FCT) da mesma universidade, no domínio das Tecnologias Educativas e do e-Learning, lecionando tanto ao nível de mestrado como de doutoramento e orientando dissertações e teses de mestrado e doutoramento neste domínio. Na mesma faculdade é também investigador da UIED – Unidade de Investigação Educação e Desenvolvimento e, desde 2008, responsável pelo Laboratório de e-Learning da FCTUNL.</p><p>É autor ou coautor de artigos científicos e tem realizado inúmeras palestras sobre Educação e Tecnologias. É membro da Secção de Educação a Distância da Sociedade Portuguesa de Ciências da Educação e coordenador do Grupo de Trabalho Ambientes e Práticas Emergentes.</p><p>É sócio fundador e atual presidente da Direção da EDUCOM – Associação Portuguesa de Telemática Educativa, associação que promove o uso educativo inovador das tecnologias e ambientes digitais; colaborador da APDSI – Associação Portuguesa para o Desenvolvimento da Sociedade da Informação e da Ordem de Biólogos.</p><p>É formador certificado de professores do ensino básico e secundário, no domínio das tecnologias educativas. Tem pertencido ao Conselho Geral de escolas e agrupamentos, enquanto membro da comunidade.</p><p>Foi professor do Ensino Secundário de 1979 a 1988, tendo em 1983 criado o Núcleo de Informática da Escola Secundária da Parede, vindo a ser destacado para o polo FCT UNL do Projeto MINERVA em 1986. Ingressou como Assistente Convidado na referida faculdade em 1988, mantendo o seu envolvimento no projeto, formando professores e divulgando e apoiando o uso de computadores e redes no ensino superior, tendo coordenado o Serviço de Informática entre 1994 e 1997.</p><p>Participou ativamente em projetos e programas de carácter nacional no domínio do uso educativo das tecnologias desde 1985: foi responsável pelo polo FCT UNL do Projeto MINERVA(1988-1994), pelo centro de competência Nónio Século XXI da associação EDUCOM (1996-1997), pela uARTE – Programa Internet na Escola do Ministério da Ciência e Tecnologia (1997-2002) e pela Equipa de Missão Computadores Redes e Internet nas Escolas (CRIE) do Ministério da Educação (2005-2007). Entre 1992 e 2014, participou ainda ativamente no movimento associativo de pais e encarregados de educação.</p>						</div>
				</div>
				</div>
					</div>
				</div>
							</div>

<p>TIC@PORTUGAL&#8217;23 João Correia de Freitas EDUCOM – Associação Portuguesa de Telemática Educativa João Correia de Freitas é Biólogo pela Faculdade de Ciências da Universidade de Lisboa e doutor em Ciências da Educação pela Universidade Nova de Lisboa (UNL). É Professor Auxiliar e investigador da Faculdade de Ciências e Tecnologia (FCT) da mesma universidade, no domínio das Tecnologias Educativas e do e-Learning, lecionando tanto ao nível de mestrado como de doutoramento e orientando dissertações e teses de mestrado e doutoramento neste domínio. Na mesma faculdade é também investigador da UIED – Unidade de Investigação Educação e Desenvolvimento e, desde 2008, responsável…</p>
