{"id":748,"date":"2023-06-12T16:27:24","date_gmt":"2023-06-12T16:27:24","guid":{"rendered":"https:\/\/wordpress.educom.pt\/TIC-Portugal-23\/?page_id=748"},"modified":"2023-06-12T16:31:08","modified_gmt":"2023-06-12T16:31:08","slug":"cc1m-metodologia","status":"publish","type":"page","link":"https:\/\/wordpress.educom.pt\/TIC-Portugal-23\/cc1m-metodologia\/","title":{"rendered":"Metodologia 3\u20262\u20261"},"content":{"rendered":"\t\t<div data-elementor-type=\"wp-page\" data-elementor-id=\"748\" class=\"elementor elementor-748\">\n\t\t\t\t\t\t\t<div class=\"elementor-element elementor-element-9f4961d e-con-boxed e-flex e-con\" data-id=\"9f4961d\" data-element_type=\"container\" data-settings=\"{&quot;content_width&quot;:&quot;boxed&quot;}\">\n\t\t\t\t\t<div class=\"e-con-inner\">\n\t\t\t\t<div class=\"elementor-element elementor-element-fdebc36 elementor-widget elementor-widget-heading\" data-id=\"fdebc36\" data-element_type=\"widget\" data-widget_type=\"heading.default\">\n\t\t\t\t<div class=\"elementor-widget-container\">\n\t\t\t<style>\/*! elementor - v3.13.1 - 09-05-2023 *\/\n.elementor-heading-title{padding:0;margin:0;line-height:1}.elementor-widget-heading .elementor-heading-title[class*=elementor-size-]>a{color:inherit;font-size:inherit;line-height:inherit}.elementor-widget-heading .elementor-heading-title.elementor-size-small{font-size:15px}.elementor-widget-heading .elementor-heading-title.elementor-size-medium{font-size:19px}.elementor-widget-heading .elementor-heading-title.elementor-size-large{font-size:29px}.elementor-widget-heading .elementor-heading-title.elementor-size-xl{font-size:39px}.elementor-widget-heading .elementor-heading-title.elementor-size-xxl{font-size:59px}<\/style><h6 class=\"elementor-heading-title elementor-size-default\">Comunica\u00e7\u00e3o Convencional - TIC@Portugal'23 - Monte de Caparica<\/h6>\t\t<\/div>\n\t\t\t\t<\/div>\n\t\t\t\t<div class=\"elementor-element elementor-element-d58c4f4 elementor-invisible elementor-widget elementor-widget-text-editor\" data-id=\"d58c4f4\" data-element_type=\"widget\" data-settings=\"{&quot;_animation&quot;:&quot;fadeInDown&quot;}\" data-widget_type=\"text-editor.default\">\n\t\t\t\t<div class=\"elementor-widget-container\">\n\t\t\t<style>\/*! elementor - v3.13.1 - 09-05-2023 *\/\n.elementor-widget-text-editor.elementor-drop-cap-view-stacked .elementor-drop-cap{background-color:#69727d;color:#fff}.elementor-widget-text-editor.elementor-drop-cap-view-framed .elementor-drop-cap{color:#69727d;border:3px solid;background-color:transparent}.elementor-widget-text-editor:not(.elementor-drop-cap-view-default) .elementor-drop-cap{margin-top:8px}.elementor-widget-text-editor:not(.elementor-drop-cap-view-default) .elementor-drop-cap-letter{width:1em;height:1em}.elementor-widget-text-editor .elementor-drop-cap{float:left;text-align:center;line-height:1;font-size:50px}.elementor-widget-text-editor .elementor-drop-cap-letter{display:inline-block}<\/style>\t\t\t\t<p>Por <strong>V\u00edtor Gir\u00e3o Bastos<\/strong><span data-sheets-value=\"{&quot;1&quot;:2,&quot;2&quot;:&quot;Patr\u00edcia Alexandra Lu\u00edsa Viegas&quot;}\" data-sheets-userformat=\"{&quot;2&quot;:8897,&quot;3&quot;:{&quot;1&quot;:0},&quot;9&quot;:1,&quot;10&quot;:0,&quot;12&quot;:0,&quot;16&quot;:12}\">, Col\u00e9gio Vasco da Gama\/AE Ibn Mucana<\/span><\/p>\t\t\t\t\t\t<\/div>\n\t\t\t\t<\/div>\n\t\t\t\t<div class=\"elementor-element elementor-element-66218f0 elementor-invisible elementor-widget elementor-widget-text-editor\" data-id=\"66218f0\" data-element_type=\"widget\" data-settings=\"{&quot;_animation&quot;:&quot;fadeInUp&quot;}\" data-widget_type=\"text-editor.default\">\n\t\t\t\t<div class=\"elementor-widget-container\">\n\t\t\t\t\t\t\t<p><span style=\"font-size: inherit; text-align: inherit; background-color: var(--paletteColor7); color: var(--color); font-family: var(--fontFamily); font-style: var(--fontStyle, inherit); letter-spacing: var(--letterSpacing); text-transform: var(--textTransform);\"><b>Princ\u00edpios<\/b><\/span><br><\/p><p>A metodologia 3\u20262\u20261, assenta em princ\u00edpios construtivistas da aprendizagem.&nbsp;Considerando que a aprendizagem \u00e9 sociocultural (Vygostky) e que deve ser significativa (Ausubel), desenhou-se uma metodologia na qual os alunos assumem um papel ativo na constru\u00e7\u00e3o do seu conhecimento.&nbsp;Implementam-se atividades e estrat\u00e9gias que promovem a descoberta, quer pela investiga\u00e7\u00e3o, pela participa\u00e7\u00e3o atrav\u00e9s de interven\u00e7\u00f5es na sala de aula, pela realiza\u00e7\u00e3o de trabalhos individuais ou atividades grupo (Bidarra e Festas, 2005).&nbsp;Quanto ao professor, este deve assumir um papel de mediador, podendo assumir uma certa diretividade sempre que se justifique.&nbsp;Os alunos trabalham numa primeira fase em grupos de 3, depois a pares (2) e, por fim, individualmente (1).<\/p>\n<p><b>Objetivos<\/b><br><\/p>\n<ul>\n<li>promo\u00e7\u00e3o da autonomia (aprendizagem autorregulada);<\/li>\n<li>promo\u00e7\u00e3o da criatividade;<\/li>\n<li>desenvolvimento da capacidade de colabora\u00e7\u00e3o;<\/li>\n<li>desenvolvimento da capacidade de transformar informa\u00e7\u00e3o em conhecimento atrav\u00e9s da pesquisa;<\/li>\n<li>aprender a aprender.<\/li>\n<\/ul>\n<p><\/p>\n<p>Refer\u00eancia: <br>Bidarra, M. G., &amp; Festas, M. I. (2005). Construtivismo(s): Implica\u00e7\u00f5es e interpreta\u00e7\u00f5es educativas.&nbsp;Revista Portuguesa de Pedagogia, 39(2), 177-195.<\/p>\t\t\t\t\t\t<\/div>\n\t\t\t\t<\/div>\n\t\t\t\t\t<\/div>\n\t\t\t\t<\/div>\n\t\t\t\t\t\t\t<\/div>\n\t\t","protected":false},"excerpt":{"rendered":"<p>Comunica\u00e7\u00e3o Convencional &#8211; TIC@Portugal&#8217;23 &#8211; Monte de Caparica Por V\u00edtor Gir\u00e3o Bastos, Col\u00e9gio Vasco da Gama\/AE Ibn Mucana Princ\u00edpios A metodologia 3\u20262\u20261, assenta em princ\u00edpios construtivistas da aprendizagem.&nbsp;Considerando que a aprendizagem \u00e9 sociocultural (Vygostky) e que deve ser significativa (Ausubel), desenhou-se uma metodologia na qual os alunos assumem um papel ativo na constru\u00e7\u00e3o do seu conhecimento.&nbsp;Implementam-se atividades e estrat\u00e9gias que promovem a descoberta, quer pela investiga\u00e7\u00e3o, pela participa\u00e7\u00e3o atrav\u00e9s de interven\u00e7\u00f5es na sala de aula, pela realiza\u00e7\u00e3o de trabalhos individuais ou atividades grupo (Bidarra e Festas, 2005).&nbsp;Quanto ao professor, este deve assumir um papel de mediador, podendo assumir uma certa\u2026<\/p>\n","protected":false},"author":2,"featured_media":0,"parent":0,"menu_order":0,"comment_status":"closed","ping_status":"closed","template":"","meta":{"footnotes":""},"class_list":["post-748","page","type-page","status-publish","hentry"],"blocksy_meta":"","_links":{"self":[{"href":"https:\/\/wordpress.educom.pt\/TIC-Portugal-23\/wp-json\/wp\/v2\/pages\/748","targetHints":{"allow":["GET"]}}],"collection":[{"href":"https:\/\/wordpress.educom.pt\/TIC-Portugal-23\/wp-json\/wp\/v2\/pages"}],"about":[{"href":"https:\/\/wordpress.educom.pt\/TIC-Portugal-23\/wp-json\/wp\/v2\/types\/page"}],"author":[{"embeddable":true,"href":"https:\/\/wordpress.educom.pt\/TIC-Portugal-23\/wp-json\/wp\/v2\/users\/2"}],"replies":[{"embeddable":true,"href":"https:\/\/wordpress.educom.pt\/TIC-Portugal-23\/wp-json\/wp\/v2\/comments?post=748"}],"version-history":[{"count":7,"href":"https:\/\/wordpress.educom.pt\/TIC-Portugal-23\/wp-json\/wp\/v2\/pages\/748\/revisions"}],"predecessor-version":[{"id":755,"href":"https:\/\/wordpress.educom.pt\/TIC-Portugal-23\/wp-json\/wp\/v2\/pages\/748\/revisions\/755"}],"wp:attachment":[{"href":"https:\/\/wordpress.educom.pt\/TIC-Portugal-23\/wp-json\/wp\/v2\/media?parent=748"}],"curies":[{"name":"wp","href":"https:\/\/api.w.org\/{rel}","templated":true}]}}

<div data-elementor-type="wp-page" data-elementor-id="748" class="elementor elementor-748">
							<div class="elementor-element elementor-element-9f4961d e-con-boxed e-flex e-con" data-id="9f4961d" data-element_type="container" data-settings="{&quot;content_width&quot;:&quot;boxed&quot;}">
					<div class="e-con-inner">
				<div class="elementor-element elementor-element-fdebc36 elementor-widget elementor-widget-heading" data-id="fdebc36" data-element_type="widget" data-widget_type="heading.default">
				<div class="elementor-widget-container">
			<style>/*! elementor - v3.13.1 - 09-05-2023 */
.elementor-heading-title{padding:0;margin:0;line-height:1}.elementor-widget-heading .elementor-heading-title[class*=elementor-size-]>a{color:inherit;font-size:inherit;line-height:inherit}.elementor-widget-heading .elementor-heading-title.elementor-size-small{font-size:15px}.elementor-widget-heading .elementor-heading-title.elementor-size-medium{font-size:19px}.elementor-widget-heading .elementor-heading-title.elementor-size-large{font-size:29px}.elementor-widget-heading .elementor-heading-title.elementor-size-xl{font-size:39px}.elementor-widget-heading .elementor-heading-title.elementor-size-xxl{font-size:59px}</style><h6 class="elementor-heading-title elementor-size-default">Comunicação Convencional - TIC@Portugal'23 - Monte de Caparica</h6>		</div>
				</div>
				<div class="elementor-element elementor-element-d58c4f4 elementor-invisible elementor-widget elementor-widget-text-editor" data-id="d58c4f4" data-element_type="widget" data-settings="{&quot;_animation&quot;:&quot;fadeInDown&quot;}" data-widget_type="text-editor.default">
				<div class="elementor-widget-container">
			<style>/*! elementor - v3.13.1 - 09-05-2023 */
.elementor-widget-text-editor.elementor-drop-cap-view-stacked .elementor-drop-cap{background-color:#69727d;color:#fff}.elementor-widget-text-editor.elementor-drop-cap-view-framed .elementor-drop-cap{color:#69727d;border:3px solid;background-color:transparent}.elementor-widget-text-editor:not(.elementor-drop-cap-view-default) .elementor-drop-cap{margin-top:8px}.elementor-widget-text-editor:not(.elementor-drop-cap-view-default) .elementor-drop-cap-letter{width:1em;height:1em}.elementor-widget-text-editor .elementor-drop-cap{float:left;text-align:center;line-height:1;font-size:50px}.elementor-widget-text-editor .elementor-drop-cap-letter{display:inline-block}</style>				<p>Por <strong>Vítor Girão Bastos</strong><span data-sheets-value="{&quot;1&quot;:2,&quot;2&quot;:&quot;Patrícia Alexandra Luísa Viegas&quot;}" data-sheets-userformat="{&quot;2&quot;:8897,&quot;3&quot;:{&quot;1&quot;:0},&quot;9&quot;:1,&quot;10&quot;:0,&quot;12&quot;:0,&quot;16&quot;:12}">, Colégio Vasco da Gama/AE Ibn Mucana</span></p>						</div>
				</div>
				<div class="elementor-element elementor-element-66218f0 elementor-invisible elementor-widget elementor-widget-text-editor" data-id="66218f0" data-element_type="widget" data-settings="{&quot;_animation&quot;:&quot;fadeInUp&quot;}" data-widget_type="text-editor.default">
				<div class="elementor-widget-container">
							<p><span style="font-size: inherit; text-align: inherit; background-color: var(--paletteColor7); color: var(--color); font-family: var(--fontFamily); font-style: var(--fontStyle, inherit); letter-spacing: var(--letterSpacing); text-transform: var(--textTransform);"><b>Princípios</b></span><br></p><p>A metodologia 3…2…1, assenta em princípios construtivistas da aprendizagem.&nbsp;Considerando que a aprendizagem é sociocultural (Vygostky) e que deve ser significativa (Ausubel), desenhou-se uma metodologia na qual os alunos assumem um papel ativo na construção do seu conhecimento.&nbsp;Implementam-se atividades e estratégias que promovem a descoberta, quer pela investigação, pela participação através de intervenções na sala de aula, pela realização de trabalhos individuais ou atividades grupo (Bidarra e Festas, 2005).&nbsp;Quanto ao professor, este deve assumir um papel de mediador, podendo assumir uma certa diretividade sempre que se justifique.&nbsp;Os alunos trabalham numa primeira fase em grupos de 3, depois a pares (2) e, por fim, individualmente (1).</p>
<p><b>Objetivos</b><br></p>
<ul>
<li>promoção da autonomia (aprendizagem autorregulada);</li>
<li>promoção da criatividade;</li>
<li>desenvolvimento da capacidade de colaboração;</li>
<li>desenvolvimento da capacidade de transformar informação em conhecimento através da pesquisa;</li>
<li>aprender a aprender.</li>
</ul>
<p></p>
<p>Referência: <br>Bidarra, M. G., &amp; Festas, M. I. (2005). Construtivismo(s): Implicações e interpretações educativas.&nbsp;Revista Portuguesa de Pedagogia, 39(2), 177-195.</p>						</div>
				</div>
					</div>
				</div>
							</div>

<p>Comunicação Convencional &#8211; TIC@Portugal&#8217;23 &#8211; Monte de Caparica Por Vítor Girão Bastos, Colégio Vasco da Gama/AE Ibn Mucana Princípios A metodologia 3…2…1, assenta em princípios construtivistas da aprendizagem.&nbsp;Considerando que a aprendizagem é sociocultural (Vygostky) e que deve ser significativa (Ausubel), desenhou-se uma metodologia na qual os alunos assumem um papel ativo na construção do seu conhecimento.&nbsp;Implementam-se atividades e estratégias que promovem a descoberta, quer pela investigação, pela participação através de intervenções na sala de aula, pela realização de trabalhos individuais ou atividades grupo (Bidarra e Festas, 2005).&nbsp;Quanto ao professor, este deve assumir um papel de mediador, podendo assumir uma certa…</p>
