{"id":785,"date":"2023-06-13T13:59:55","date_gmt":"2023-06-13T13:59:55","guid":{"rendered":"https:\/\/wordpress.educom.pt\/TIC-Portugal-23\/?page_id=785"},"modified":"2023-06-13T14:01:23","modified_gmt":"2023-06-13T14:01:23","slug":"cc5s-miudos","status":"publish","type":"page","link":"https:\/\/wordpress.educom.pt\/TIC-Portugal-23\/cc5s-miudos\/","title":{"rendered":"&#8220;Mi\u00fados em A\u00e7\u00e3o&#8221; &#8211; Promover o Pensamento Computacional, capacitando professores e alunos"},"content":{"rendered":"\t\t<div data-elementor-type=\"wp-page\" data-elementor-id=\"785\" class=\"elementor elementor-785\">\n\t\t\t\t\t\t\t<div class=\"elementor-element elementor-element-9f4961d e-con-boxed e-flex e-con\" data-id=\"9f4961d\" data-element_type=\"container\" data-settings=\"{&quot;content_width&quot;:&quot;boxed&quot;}\">\n\t\t\t\t\t<div class=\"e-con-inner\">\n\t\t\t\t<div class=\"elementor-element elementor-element-fdebc36 elementor-widget elementor-widget-heading\" data-id=\"fdebc36\" data-element_type=\"widget\" data-widget_type=\"heading.default\">\n\t\t\t\t<div class=\"elementor-widget-container\">\n\t\t\t<style>\/*! elementor - v3.13.1 - 09-05-2023 *\/\n.elementor-heading-title{padding:0;margin:0;line-height:1}.elementor-widget-heading .elementor-heading-title[class*=elementor-size-]>a{color:inherit;font-size:inherit;line-height:inherit}.elementor-widget-heading .elementor-heading-title.elementor-size-small{font-size:15px}.elementor-widget-heading .elementor-heading-title.elementor-size-medium{font-size:19px}.elementor-widget-heading .elementor-heading-title.elementor-size-large{font-size:29px}.elementor-widget-heading .elementor-heading-title.elementor-size-xl{font-size:39px}.elementor-widget-heading .elementor-heading-title.elementor-size-xxl{font-size:59px}<\/style><h6 class=\"elementor-heading-title elementor-size-default\">Comunica\u00e7\u00e3o Convencional - TIC@Portugal'23 - Set\u00fabal<\/h6>\t\t<\/div>\n\t\t\t\t<\/div>\n\t\t\t\t<div class=\"elementor-element elementor-element-d58c4f4 elementor-invisible elementor-widget elementor-widget-text-editor\" data-id=\"d58c4f4\" data-element_type=\"widget\" data-settings=\"{&quot;_animation&quot;:&quot;fadeInDown&quot;}\" data-widget_type=\"text-editor.default\">\n\t\t\t\t<div class=\"elementor-widget-container\">\n\t\t\t<style>\/*! elementor - v3.13.1 - 09-05-2023 *\/\n.elementor-widget-text-editor.elementor-drop-cap-view-stacked .elementor-drop-cap{background-color:#69727d;color:#fff}.elementor-widget-text-editor.elementor-drop-cap-view-framed .elementor-drop-cap{color:#69727d;border:3px solid;background-color:transparent}.elementor-widget-text-editor:not(.elementor-drop-cap-view-default) .elementor-drop-cap{margin-top:8px}.elementor-widget-text-editor:not(.elementor-drop-cap-view-default) .elementor-drop-cap-letter{width:1em;height:1em}.elementor-widget-text-editor .elementor-drop-cap{float:left;text-align:center;line-height:1;font-size:50px}.elementor-widget-text-editor .elementor-drop-cap-letter{display:inline-block}<\/style>\t\t\t\t<p>Por <strong>Aida de Jesus Ferreira da Silva Gra\u00e7a<\/strong><span data-sheets-value=\"{&quot;1&quot;:2,&quot;2&quot;:&quot;Patr\u00edcia Alexandra Lu\u00edsa Viegas&quot;}\" data-sheets-userformat=\"{&quot;2&quot;:8897,&quot;3&quot;:{&quot;1&quot;:0},&quot;9&quot;:1,&quot;10&quot;:0,&quot;12&quot;:0,&quot;16&quot;:12}\">, Agrupamento Escolas de Palmela<\/span><\/p>\t\t\t\t\t\t<\/div>\n\t\t\t\t<\/div>\n\t\t\t\t<div class=\"elementor-element elementor-element-66218f0 elementor-invisible elementor-widget elementor-widget-text-editor\" data-id=\"66218f0\" data-element_type=\"widget\" data-settings=\"{&quot;_animation&quot;:&quot;fadeInUp&quot;}\" data-widget_type=\"text-editor.default\">\n\t\t\t\t<div class=\"elementor-widget-container\">\n\t\t\t\t\t\t\t<p><span data-sheets-value=\"{&quot;1&quot;:2,&quot;2&quot;:&quot;Na era digital, as compet\u00eancias de programa\u00e7\u00e3o s\u00e3o um requisito essencial. A introdu\u00e7\u00e3o da programa\u00e7\u00e3o num contexto interdisciplinar contribui para a melhoria das aprendizagens e para a aquisi\u00e7\u00e3o de compet\u00eancias do s\u00e9culo XXI por parte dos alunos. A nova realidade, das salas de aula, leva ao surgimento de novos ambientes e novas estrat\u00e9gias de aprendizagem. \\&quot; A rob\u00f3tica educativa \u00e9 cada vez mais vista como uma estrat\u00e9gia de aprendizagem capaz de promover a autoaprendizagem e envolver professores e alunos em atividades de investiga\u00e7\u00e3o cient\u00edfica. Valoriza o trabalho cooperativo, a interdisciplinaridade e a capacidade de resolu\u00e7\u00e3o de problemas. Motiva os alunos, estimula a criatividade e o pensamento cr\u00edtico. O aluno procura solu\u00e7\u00f5es para os problemas, constr\u00f3i e reinventa (Passerino &amp; Possamai, 2005).\\nApresentamos v\u00e1rias atividades com recurso \u00e0 programa\u00e7\u00e3o e \u00e0 rob\u00f3tica realizadas em turmas do 7\u00ba ao 9\u00ba ano de uma escola portuguesa. Foram trabalhados v\u00e1rios temas, nomeadamente: Constru\u00e7\u00e3o de pol\u00edgonos regulares, determina\u00e7\u00e3o experimental do raio de uma roda e proporcionalidade direta. Posteriormente, os alunos refletiram sobre os resultados obtidos e, em cada turma, foi realizado um debate para explicar e justificar os resultados e tirar conclus\u00f5es.\\nRefer\u00eancias: \\nFunchal Passerino, L. &amp; Possamai, C. (2005). O processo de coopera\u00e7\u00e3o e resolu\u00e7\u00e3o de problemas apoiado pela rob\u00f3tica educacional com adolescentes, (pp. 1324-1333)\\n&quot;}\" data-sheets-userformat=\"{&quot;2&quot;:4480,&quot;10&quot;:0,&quot;11&quot;:4,&quot;15&quot;:&quot;Arial&quot;}\">A implementa\u00e7\u00e3o de atividades promotoras de Pensamento Computacional (PC), nomeadamente a rob\u00f3tica ou a programa\u00e7\u00e3o, requer o envolvimento e forma\u00e7\u00e3o de professores. No Agrupamento de Escolas de Palmela, implementamos o projeto &#8220;Mi\u00fados em A\u00e7\u00e3o&#8221; de forma a refor\u00e7ar os conhecimentos pedag\u00f3gicos e tecnol\u00f3gicos dos docentes, utilizando o modelo TPACK. O projeto tamb\u00e9m apoia a implementa\u00e7\u00e3o de atividades de PC nas salas de aula do 1.\u00ba ciclo. Atrav\u00e9s de estrat\u00e9gias de forma\u00e7\u00e3o, oferecemos oficinas para professores e alunos, al\u00e9m de desenvolver um reposit\u00f3rio de atividades e recursos para fortalecer a comunidade educativa. O nosso prop\u00f3sito foi capacitar os professores para promover o Pensamento Computacional, proporcionando experi\u00eancias de aprendizagem aos alunos alinhadas com as compet\u00eancias do s\u00e9c. XXI e os referenciais curriculares.<\/span><\/p>\t\t\t\t\t\t<\/div>\n\t\t\t\t<\/div>\n\t\t\t\t\t<\/div>\n\t\t\t\t<\/div>\n\t\t\t\t\t\t\t<\/div>\n\t\t","protected":false},"excerpt":{"rendered":"<p>Comunica\u00e7\u00e3o Convencional &#8211; TIC@Portugal&#8217;23 &#8211; Set\u00fabal Por Aida de Jesus Ferreira da Silva Gra\u00e7a, Agrupamento Escolas de Palmela A implementa\u00e7\u00e3o de atividades promotoras de Pensamento Computacional (PC), nomeadamente a rob\u00f3tica ou a programa\u00e7\u00e3o, requer o envolvimento e forma\u00e7\u00e3o de professores. No Agrupamento de Escolas de Palmela, implementamos o projeto &#8220;Mi\u00fados em A\u00e7\u00e3o&#8221; de forma a refor\u00e7ar os conhecimentos pedag\u00f3gicos e tecnol\u00f3gicos dos docentes, utilizando o modelo TPACK. O projeto tamb\u00e9m apoia a implementa\u00e7\u00e3o de atividades de PC nas salas de aula do 1.\u00ba ciclo. Atrav\u00e9s de estrat\u00e9gias de forma\u00e7\u00e3o, oferecemos oficinas para professores e alunos, al\u00e9m de desenvolver um reposit\u00f3rio\u2026<\/p>\n","protected":false},"author":2,"featured_media":0,"parent":0,"menu_order":0,"comment_status":"closed","ping_status":"closed","template":"","meta":{"footnotes":""},"class_list":["post-785","page","type-page","status-publish","hentry"],"blocksy_meta":"","_links":{"self":[{"href":"https:\/\/wordpress.educom.pt\/TIC-Portugal-23\/wp-json\/wp\/v2\/pages\/785","targetHints":{"allow":["GET"]}}],"collection":[{"href":"https:\/\/wordpress.educom.pt\/TIC-Portugal-23\/wp-json\/wp\/v2\/pages"}],"about":[{"href":"https:\/\/wordpress.educom.pt\/TIC-Portugal-23\/wp-json\/wp\/v2\/types\/page"}],"author":[{"embeddable":true,"href":"https:\/\/wordpress.educom.pt\/TIC-Portugal-23\/wp-json\/wp\/v2\/users\/2"}],"replies":[{"embeddable":true,"href":"https:\/\/wordpress.educom.pt\/TIC-Portugal-23\/wp-json\/wp\/v2\/comments?post=785"}],"version-history":[{"count":4,"href":"https:\/\/wordpress.educom.pt\/TIC-Portugal-23\/wp-json\/wp\/v2\/pages\/785\/revisions"}],"predecessor-version":[{"id":790,"href":"https:\/\/wordpress.educom.pt\/TIC-Portugal-23\/wp-json\/wp\/v2\/pages\/785\/revisions\/790"}],"wp:attachment":[{"href":"https:\/\/wordpress.educom.pt\/TIC-Portugal-23\/wp-json\/wp\/v2\/media?parent=785"}],"curies":[{"name":"wp","href":"https:\/\/api.w.org\/{rel}","templated":true}]}}

&#8220;Miúdos em Ação&#8221; &#8211; Promover o Pensamento Computacional, capacitando professores e alunos

<div data-elementor-type="wp-page" data-elementor-id="785" class="elementor elementor-785">
							<div class="elementor-element elementor-element-9f4961d e-con-boxed e-flex e-con" data-id="9f4961d" data-element_type="container" data-settings="{&quot;content_width&quot;:&quot;boxed&quot;}">
					<div class="e-con-inner">
				<div class="elementor-element elementor-element-fdebc36 elementor-widget elementor-widget-heading" data-id="fdebc36" data-element_type="widget" data-widget_type="heading.default">
				<div class="elementor-widget-container">
			<style>/*! elementor - v3.13.1 - 09-05-2023 */
.elementor-heading-title{padding:0;margin:0;line-height:1}.elementor-widget-heading .elementor-heading-title[class*=elementor-size-]>a{color:inherit;font-size:inherit;line-height:inherit}.elementor-widget-heading .elementor-heading-title.elementor-size-small{font-size:15px}.elementor-widget-heading .elementor-heading-title.elementor-size-medium{font-size:19px}.elementor-widget-heading .elementor-heading-title.elementor-size-large{font-size:29px}.elementor-widget-heading .elementor-heading-title.elementor-size-xl{font-size:39px}.elementor-widget-heading .elementor-heading-title.elementor-size-xxl{font-size:59px}</style><h6 class="elementor-heading-title elementor-size-default">Comunicação Convencional - TIC@Portugal'23 - Setúbal</h6>		</div>
				</div>
				<div class="elementor-element elementor-element-d58c4f4 elementor-invisible elementor-widget elementor-widget-text-editor" data-id="d58c4f4" data-element_type="widget" data-settings="{&quot;_animation&quot;:&quot;fadeInDown&quot;}" data-widget_type="text-editor.default">
				<div class="elementor-widget-container">
			<style>/*! elementor - v3.13.1 - 09-05-2023 */
.elementor-widget-text-editor.elementor-drop-cap-view-stacked .elementor-drop-cap{background-color:#69727d;color:#fff}.elementor-widget-text-editor.elementor-drop-cap-view-framed .elementor-drop-cap{color:#69727d;border:3px solid;background-color:transparent}.elementor-widget-text-editor:not(.elementor-drop-cap-view-default) .elementor-drop-cap{margin-top:8px}.elementor-widget-text-editor:not(.elementor-drop-cap-view-default) .elementor-drop-cap-letter{width:1em;height:1em}.elementor-widget-text-editor .elementor-drop-cap{float:left;text-align:center;line-height:1;font-size:50px}.elementor-widget-text-editor .elementor-drop-cap-letter{display:inline-block}</style>				<p>Por <strong>Aida de Jesus Ferreira da Silva Graça</strong><span data-sheets-value="{&quot;1&quot;:2,&quot;2&quot;:&quot;Patrícia Alexandra Luísa Viegas&quot;}" data-sheets-userformat="{&quot;2&quot;:8897,&quot;3&quot;:{&quot;1&quot;:0},&quot;9&quot;:1,&quot;10&quot;:0,&quot;12&quot;:0,&quot;16&quot;:12}">, Agrupamento Escolas de Palmela</span></p>						</div>
				</div>
				<div class="elementor-element elementor-element-66218f0 elementor-invisible elementor-widget elementor-widget-text-editor" data-id="66218f0" data-element_type="widget" data-settings="{&quot;_animation&quot;:&quot;fadeInUp&quot;}" data-widget_type="text-editor.default">
				<div class="elementor-widget-container">
							<p><span data-sheets-value="{&quot;1&quot;:2,&quot;2&quot;:&quot;Na era digital, as competências de programação são um requisito essencial. A introdução da programação num contexto interdisciplinar contribui para a melhoria das aprendizagens e para a aquisição de competências do século XXI por parte dos alunos. A nova realidade, das salas de aula, leva ao surgimento de novos ambientes e novas estratégias de aprendizagem. \&quot; A robótica educativa é cada vez mais vista como uma estratégia de aprendizagem capaz de promover a autoaprendizagem e envolver professores e alunos em atividades de investigação científica. Valoriza o trabalho cooperativo, a interdisciplinaridade e a capacidade de resolução de problemas. Motiva os alunos, estimula a criatividade e o pensamento crítico. O aluno procura soluções para os problemas, constrói e reinventa (Passerino &amp; Possamai, 2005).\nApresentamos várias atividades com recurso à programação e à robótica realizadas em turmas do 7º ao 9º ano de uma escola portuguesa. Foram trabalhados vários temas, nomeadamente: Construção de polígonos regulares, determinação experimental do raio de uma roda e proporcionalidade direta. Posteriormente, os alunos refletiram sobre os resultados obtidos e, em cada turma, foi realizado um debate para explicar e justificar os resultados e tirar conclusões.\nReferências: \nFunchal Passerino, L. &amp; Possamai, C. (2005). O processo de cooperação e resolução de problemas apoiado pela robótica educacional com adolescentes, (pp. 1324-1333)\n&quot;}" data-sheets-userformat="{&quot;2&quot;:4480,&quot;10&quot;:0,&quot;11&quot;:4,&quot;15&quot;:&quot;Arial&quot;}">A implementação de atividades promotoras de Pensamento Computacional (PC), nomeadamente a robótica ou a programação, requer o envolvimento e formação de professores. No Agrupamento de Escolas de Palmela, implementamos o projeto &#8220;Miúdos em Ação&#8221; de forma a reforçar os conhecimentos pedagógicos e tecnológicos dos docentes, utilizando o modelo TPACK. O projeto também apoia a implementação de atividades de PC nas salas de aula do 1.º ciclo. Através de estratégias de formação, oferecemos oficinas para professores e alunos, além de desenvolver um repositório de atividades e recursos para fortalecer a comunidade educativa. O nosso propósito foi capacitar os professores para promover o Pensamento Computacional, proporcionando experiências de aprendizagem aos alunos alinhadas com as competências do séc. XXI e os referenciais curriculares.</span></p>						</div>
				</div>
					</div>
				</div>
							</div>

<p>Comunicação Convencional &#8211; TIC@Portugal&#8217;23 &#8211; Setúbal Por Aida de Jesus Ferreira da Silva Graça, Agrupamento Escolas de Palmela A implementação de atividades promotoras de Pensamento Computacional (PC), nomeadamente a robótica ou a programação, requer o envolvimento e formação de professores. No Agrupamento de Escolas de Palmela, implementamos o projeto &#8220;Miúdos em Ação&#8221; de forma a reforçar os conhecimentos pedagógicos e tecnológicos dos docentes, utilizando o modelo TPACK. O projeto também apoia a implementação de atividades de PC nas salas de aula do 1.º ciclo. Através de estratégias de formação, oferecemos oficinas para professores e alunos, além de desenvolver um repositório…</p>
