{"id":811,"date":"2023-06-13T14:32:31","date_gmt":"2023-06-13T14:32:31","guid":{"rendered":"https:\/\/wordpress.educom.pt\/TIC-Portugal-23\/?page_id=811"},"modified":"2023-06-13T14:34:30","modified_gmt":"2023-06-13T14:34:30","slug":"cc2san-europeana","status":"publish","type":"page","link":"https:\/\/wordpress.educom.pt\/TIC-Portugal-23\/cc2san-europeana\/","title":{"rendered":"Europeana a bordo das aul@s de l\u00edngua estrangeira"},"content":{"rendered":"\t\t<div data-elementor-type=\"wp-page\" data-elementor-id=\"811\" class=\"elementor elementor-811\">\n\t\t\t\t\t\t\t<div class=\"elementor-element elementor-element-9f4961d e-con-boxed e-flex e-con\" data-id=\"9f4961d\" data-element_type=\"container\" data-settings=\"{&quot;content_width&quot;:&quot;boxed&quot;}\">\n\t\t\t\t\t<div class=\"e-con-inner\">\n\t\t\t\t<div class=\"elementor-element elementor-element-fdebc36 elementor-widget elementor-widget-heading\" data-id=\"fdebc36\" data-element_type=\"widget\" data-widget_type=\"heading.default\">\n\t\t\t\t<div class=\"elementor-widget-container\">\n\t\t\t<style>\/*! elementor - v3.13.1 - 09-05-2023 *\/\n.elementor-heading-title{padding:0;margin:0;line-height:1}.elementor-widget-heading .elementor-heading-title[class*=elementor-size-]>a{color:inherit;font-size:inherit;line-height:inherit}.elementor-widget-heading .elementor-heading-title.elementor-size-small{font-size:15px}.elementor-widget-heading .elementor-heading-title.elementor-size-medium{font-size:19px}.elementor-widget-heading .elementor-heading-title.elementor-size-large{font-size:29px}.elementor-widget-heading .elementor-heading-title.elementor-size-xl{font-size:39px}.elementor-widget-heading .elementor-heading-title.elementor-size-xxl{font-size:59px}<\/style><h6 class=\"elementor-heading-title elementor-size-default\">Comunica\u00e7\u00e3o Convencional - TIC@Portugal'23 - Santar\u00e9m<\/h6>\t\t<\/div>\n\t\t\t\t<\/div>\n\t\t\t\t<div class=\"elementor-element elementor-element-d58c4f4 elementor-invisible elementor-widget elementor-widget-text-editor\" data-id=\"d58c4f4\" data-element_type=\"widget\" data-settings=\"{&quot;_animation&quot;:&quot;fadeInDown&quot;}\" data-widget_type=\"text-editor.default\">\n\t\t\t\t<div class=\"elementor-widget-container\">\n\t\t\t<style>\/*! elementor - v3.13.1 - 09-05-2023 *\/\n.elementor-widget-text-editor.elementor-drop-cap-view-stacked .elementor-drop-cap{background-color:#69727d;color:#fff}.elementor-widget-text-editor.elementor-drop-cap-view-framed .elementor-drop-cap{color:#69727d;border:3px solid;background-color:transparent}.elementor-widget-text-editor:not(.elementor-drop-cap-view-default) .elementor-drop-cap{margin-top:8px}.elementor-widget-text-editor:not(.elementor-drop-cap-view-default) .elementor-drop-cap-letter{width:1em;height:1em}.elementor-widget-text-editor .elementor-drop-cap{float:left;text-align:center;line-height:1;font-size:50px}.elementor-widget-text-editor .elementor-drop-cap-letter{display:inline-block}<\/style>\t\t\t\t<p>Por <strong>C\u00e1tia Liliana Pimenta Val\u00e9ria<\/strong><span data-sheets-value=\"{&quot;1&quot;:2,&quot;2&quot;:&quot;Patr\u00edcia Alexandra Lu\u00edsa Viegas&quot;}\" data-sheets-userformat=\"{&quot;2&quot;:8897,&quot;3&quot;:{&quot;1&quot;:0},&quot;9&quot;:1,&quot;10&quot;:0,&quot;12&quot;:0,&quot;16&quot;:12}\">, Agrupamento de Escolas Dr. Ginestal Machado<\/span><\/p>\t\t\t\t\t\t<\/div>\n\t\t\t\t<\/div>\n\t\t\t\t<div class=\"elementor-element elementor-element-66218f0 elementor-invisible elementor-widget elementor-widget-text-editor\" data-id=\"66218f0\" data-element_type=\"widget\" data-settings=\"{&quot;_animation&quot;:&quot;fadeInUp&quot;}\" data-widget_type=\"text-editor.default\">\n\t\t\t\t<div class=\"elementor-widget-container\">\n\t\t\t\t\t\t\t<p>Nesta comunica\u00e7\u00e3o pretende-se dar palco ao cen\u00e1rio de aprendizagem desenhado e implementado nas aulas de Espanhol do ensino secund\u00e1rio sobre \u201cPioneers\u201d &#8211; um excelente recurso da Europenana que celebra a contribui\u00e7\u00e3o hist\u00f3rica de oito mulheres inovadoras de destaque para o conhecimento humano e a cultura. <br>Alunos e docentes aprenderam sobre a Europeana e o seu valor acrescentado. Criaram-se biografias e outros produtos digitais, colaborativos e inclusivos, relacionados com a exposi\u00e7\u00e3o sobre mulheres pioneiras, atrav\u00e9s da realiza\u00e7\u00e3o de tarefas comunicativas, fomentando compet\u00eancias estrat\u00e9gicas e interculturais e desenvolvendo habilidades de lideran\u00e7a, pensamento cr\u00edtico, colabora\u00e7\u00e3o, comunica\u00e7\u00e3o e compet\u00eancias digitais. <br>Este cen\u00e1rio de aprendizagem baseou-se no Decreto-Lei n.\u00ba 55\/2018, de 6 de Julho, no Perfil dos Alunos \u00e0 Sa\u00edda da Escolaridade Obrigat\u00f3ria, Despacho n.\u00ba 6478\/2017, de 26 de Julho, nas Aprendizagens Essenciais Espanhol &#8211; N\u00edvel de Continua\u00e7\u00e3o -10.\u00ba ano, Despacho n.\u00ba 6605-A\/2021, de 6 de Julho, e no Quadro Europeu Comum de Refer\u00eancia para as L\u00ednguas &#8211; QECR.<\/p>\t\t\t\t\t\t<\/div>\n\t\t\t\t<\/div>\n\t\t\t\t\t<\/div>\n\t\t\t\t<\/div>\n\t\t\t\t\t\t\t<\/div>\n\t\t","protected":false},"excerpt":{"rendered":"<p>Comunica\u00e7\u00e3o Convencional &#8211; TIC@Portugal&#8217;23 &#8211; Santar\u00e9m Por C\u00e1tia Liliana Pimenta Val\u00e9ria, Agrupamento de Escolas Dr. Ginestal Machado Nesta comunica\u00e7\u00e3o pretende-se dar palco ao cen\u00e1rio de aprendizagem desenhado e implementado nas aulas de Espanhol do ensino secund\u00e1rio sobre \u201cPioneers\u201d &#8211; um excelente recurso da Europenana que celebra a contribui\u00e7\u00e3o hist\u00f3rica de oito mulheres inovadoras de destaque para o conhecimento humano e a cultura. Alunos e docentes aprenderam sobre a Europeana e o seu valor acrescentado. Criaram-se biografias e outros produtos digitais, colaborativos e inclusivos, relacionados com a exposi\u00e7\u00e3o sobre mulheres pioneiras, atrav\u00e9s da realiza\u00e7\u00e3o de tarefas comunicativas, fomentando compet\u00eancias estrat\u00e9gicas e\u2026<\/p>\n","protected":false},"author":2,"featured_media":0,"parent":0,"menu_order":0,"comment_status":"closed","ping_status":"closed","template":"","meta":{"footnotes":""},"class_list":["post-811","page","type-page","status-publish","hentry"],"blocksy_meta":"","_links":{"self":[{"href":"https:\/\/wordpress.educom.pt\/TIC-Portugal-23\/wp-json\/wp\/v2\/pages\/811","targetHints":{"allow":["GET"]}}],"collection":[{"href":"https:\/\/wordpress.educom.pt\/TIC-Portugal-23\/wp-json\/wp\/v2\/pages"}],"about":[{"href":"https:\/\/wordpress.educom.pt\/TIC-Portugal-23\/wp-json\/wp\/v2\/types\/page"}],"author":[{"embeddable":true,"href":"https:\/\/wordpress.educom.pt\/TIC-Portugal-23\/wp-json\/wp\/v2\/users\/2"}],"replies":[{"embeddable":true,"href":"https:\/\/wordpress.educom.pt\/TIC-Portugal-23\/wp-json\/wp\/v2\/comments?post=811"}],"version-history":[{"count":4,"href":"https:\/\/wordpress.educom.pt\/TIC-Portugal-23\/wp-json\/wp\/v2\/pages\/811\/revisions"}],"predecessor-version":[{"id":815,"href":"https:\/\/wordpress.educom.pt\/TIC-Portugal-23\/wp-json\/wp\/v2\/pages\/811\/revisions\/815"}],"wp:attachment":[{"href":"https:\/\/wordpress.educom.pt\/TIC-Portugal-23\/wp-json\/wp\/v2\/media?parent=811"}],"curies":[{"name":"wp","href":"https:\/\/api.w.org\/{rel}","templated":true}]}}

Europeana a bordo das aul@s de língua estrangeira

<div data-elementor-type="wp-page" data-elementor-id="811" class="elementor elementor-811">
							<div class="elementor-element elementor-element-9f4961d e-con-boxed e-flex e-con" data-id="9f4961d" data-element_type="container" data-settings="{&quot;content_width&quot;:&quot;boxed&quot;}">
					<div class="e-con-inner">
				<div class="elementor-element elementor-element-fdebc36 elementor-widget elementor-widget-heading" data-id="fdebc36" data-element_type="widget" data-widget_type="heading.default">
				<div class="elementor-widget-container">
			<style>/*! elementor - v3.13.1 - 09-05-2023 */
.elementor-heading-title{padding:0;margin:0;line-height:1}.elementor-widget-heading .elementor-heading-title[class*=elementor-size-]>a{color:inherit;font-size:inherit;line-height:inherit}.elementor-widget-heading .elementor-heading-title.elementor-size-small{font-size:15px}.elementor-widget-heading .elementor-heading-title.elementor-size-medium{font-size:19px}.elementor-widget-heading .elementor-heading-title.elementor-size-large{font-size:29px}.elementor-widget-heading .elementor-heading-title.elementor-size-xl{font-size:39px}.elementor-widget-heading .elementor-heading-title.elementor-size-xxl{font-size:59px}</style><h6 class="elementor-heading-title elementor-size-default">Comunicação Convencional - TIC@Portugal'23 - Santarém</h6>		</div>
				</div>
				<div class="elementor-element elementor-element-d58c4f4 elementor-invisible elementor-widget elementor-widget-text-editor" data-id="d58c4f4" data-element_type="widget" data-settings="{&quot;_animation&quot;:&quot;fadeInDown&quot;}" data-widget_type="text-editor.default">
				<div class="elementor-widget-container">
			<style>/*! elementor - v3.13.1 - 09-05-2023 */
.elementor-widget-text-editor.elementor-drop-cap-view-stacked .elementor-drop-cap{background-color:#69727d;color:#fff}.elementor-widget-text-editor.elementor-drop-cap-view-framed .elementor-drop-cap{color:#69727d;border:3px solid;background-color:transparent}.elementor-widget-text-editor:not(.elementor-drop-cap-view-default) .elementor-drop-cap{margin-top:8px}.elementor-widget-text-editor:not(.elementor-drop-cap-view-default) .elementor-drop-cap-letter{width:1em;height:1em}.elementor-widget-text-editor .elementor-drop-cap{float:left;text-align:center;line-height:1;font-size:50px}.elementor-widget-text-editor .elementor-drop-cap-letter{display:inline-block}</style>				<p>Por <strong>Cátia Liliana Pimenta Valéria</strong><span data-sheets-value="{&quot;1&quot;:2,&quot;2&quot;:&quot;Patrícia Alexandra Luísa Viegas&quot;}" data-sheets-userformat="{&quot;2&quot;:8897,&quot;3&quot;:{&quot;1&quot;:0},&quot;9&quot;:1,&quot;10&quot;:0,&quot;12&quot;:0,&quot;16&quot;:12}">, Agrupamento de Escolas Dr. Ginestal Machado</span></p>						</div>
				</div>
				<div class="elementor-element elementor-element-66218f0 elementor-invisible elementor-widget elementor-widget-text-editor" data-id="66218f0" data-element_type="widget" data-settings="{&quot;_animation&quot;:&quot;fadeInUp&quot;}" data-widget_type="text-editor.default">
				<div class="elementor-widget-container">
							<p>Nesta comunicação pretende-se dar palco ao cenário de aprendizagem desenhado e implementado nas aulas de Espanhol do ensino secundário sobre “Pioneers” &#8211; um excelente recurso da Europenana que celebra a contribuição histórica de oito mulheres inovadoras de destaque para o conhecimento humano e a cultura. <br>Alunos e docentes aprenderam sobre a Europeana e o seu valor acrescentado. Criaram-se biografias e outros produtos digitais, colaborativos e inclusivos, relacionados com a exposição sobre mulheres pioneiras, através da realização de tarefas comunicativas, fomentando competências estratégicas e interculturais e desenvolvendo habilidades de liderança, pensamento crítico, colaboração, comunicação e competências digitais. <br>Este cenário de aprendizagem baseou-se no Decreto-Lei n.º 55/2018, de 6 de Julho, no Perfil dos Alunos à Saída da Escolaridade Obrigatória, Despacho n.º 6478/2017, de 26 de Julho, nas Aprendizagens Essenciais Espanhol &#8211; Nível de Continuação -10.º ano, Despacho n.º 6605-A/2021, de 6 de Julho, e no Quadro Europeu Comum de Referência para as Línguas &#8211; QECR.</p>						</div>
				</div>
					</div>
				</div>
							</div>

<p>Comunicação Convencional &#8211; TIC@Portugal&#8217;23 &#8211; Santarém Por Cátia Liliana Pimenta Valéria, Agrupamento de Escolas Dr. Ginestal Machado Nesta comunicação pretende-se dar palco ao cenário de aprendizagem desenhado e implementado nas aulas de Espanhol do ensino secundário sobre “Pioneers” &#8211; um excelente recurso da Europenana que celebra a contribuição histórica de oito mulheres inovadoras de destaque para o conhecimento humano e a cultura. Alunos e docentes aprenderam sobre a Europeana e o seu valor acrescentado. Criaram-se biografias e outros produtos digitais, colaborativos e inclusivos, relacionados com a exposição sobre mulheres pioneiras, através da realização de tarefas comunicativas, fomentando competências estratégicas e…</p>
