{"id":857,"date":"2023-06-14T10:08:15","date_gmt":"2023-06-14T10:08:15","guid":{"rendered":"https:\/\/wordpress.educom.pt\/TIC-Portugal-23\/?page_id=857"},"modified":"2023-06-14T10:10:19","modified_gmt":"2023-06-14T10:10:19","slug":"cc4san-erasmus-todos","status":"publish","type":"page","link":"https:\/\/wordpress.educom.pt\/TIC-Portugal-23\/cc4san-erasmus-todos\/","title":{"rendered":"Certifica\u00e7\u00e3o Erasmus+, cen\u00e1rio de aprendizagem para todos"},"content":{"rendered":"\t\t<div data-elementor-type=\"wp-page\" data-elementor-id=\"857\" class=\"elementor elementor-857\">\n\t\t\t\t\t\t\t<div class=\"elementor-element elementor-element-9f4961d e-con-boxed e-flex e-con\" data-id=\"9f4961d\" data-element_type=\"container\" data-settings=\"{&quot;content_width&quot;:&quot;boxed&quot;}\">\n\t\t\t\t\t<div class=\"e-con-inner\">\n\t\t\t\t<div class=\"elementor-element elementor-element-fdebc36 elementor-widget elementor-widget-heading\" data-id=\"fdebc36\" data-element_type=\"widget\" data-widget_type=\"heading.default\">\n\t\t\t\t<div class=\"elementor-widget-container\">\n\t\t\t<style>\/*! elementor - v3.13.1 - 09-05-2023 *\/\n.elementor-heading-title{padding:0;margin:0;line-height:1}.elementor-widget-heading .elementor-heading-title[class*=elementor-size-]>a{color:inherit;font-size:inherit;line-height:inherit}.elementor-widget-heading .elementor-heading-title.elementor-size-small{font-size:15px}.elementor-widget-heading .elementor-heading-title.elementor-size-medium{font-size:19px}.elementor-widget-heading .elementor-heading-title.elementor-size-large{font-size:29px}.elementor-widget-heading .elementor-heading-title.elementor-size-xl{font-size:39px}.elementor-widget-heading .elementor-heading-title.elementor-size-xxl{font-size:59px}<\/style><h6 class=\"elementor-heading-title elementor-size-default\">Comunica\u00e7\u00e3o Convencional - TIC@Portugal'23 - Santar\u00e9m<\/h6>\t\t<\/div>\n\t\t\t\t<\/div>\n\t\t\t\t<div class=\"elementor-element elementor-element-d58c4f4 elementor-invisible elementor-widget elementor-widget-text-editor\" data-id=\"d58c4f4\" data-element_type=\"widget\" data-settings=\"{&quot;_animation&quot;:&quot;fadeInDown&quot;}\" data-widget_type=\"text-editor.default\">\n\t\t\t\t<div class=\"elementor-widget-container\">\n\t\t\t<style>\/*! elementor - v3.13.1 - 09-05-2023 *\/\n.elementor-widget-text-editor.elementor-drop-cap-view-stacked .elementor-drop-cap{background-color:#69727d;color:#fff}.elementor-widget-text-editor.elementor-drop-cap-view-framed .elementor-drop-cap{color:#69727d;border:3px solid;background-color:transparent}.elementor-widget-text-editor:not(.elementor-drop-cap-view-default) .elementor-drop-cap{margin-top:8px}.elementor-widget-text-editor:not(.elementor-drop-cap-view-default) .elementor-drop-cap-letter{width:1em;height:1em}.elementor-widget-text-editor .elementor-drop-cap{float:left;text-align:center;line-height:1;font-size:50px}.elementor-widget-text-editor .elementor-drop-cap-letter{display:inline-block}<\/style>\t\t\t\t<p>Por <strong>Cristina Maria dos Santos Ferreira da Silva<\/strong><span data-sheets-value=\"{&quot;1&quot;:2,&quot;2&quot;:&quot;Patr\u00edcia Alexandra Lu\u00edsa Viegas&quot;}\" data-sheets-userformat=\"{&quot;2&quot;:8897,&quot;3&quot;:{&quot;1&quot;:0},&quot;9&quot;:1,&quot;10&quot;:0,&quot;12&quot;:0,&quot;16&quot;:12}\">, Escola secund\u00e1ria Dr. Ginestal Machado<\/span><\/p>\t\t\t\t\t\t<\/div>\n\t\t\t\t<\/div>\n\t\t\t\t<div class=\"elementor-element elementor-element-66218f0 elementor-invisible elementor-widget elementor-widget-text-editor\" data-id=\"66218f0\" data-element_type=\"widget\" data-settings=\"{&quot;_animation&quot;:&quot;fadeInUp&quot;}\" data-widget_type=\"text-editor.default\">\n\t\t\t\t<div class=\"elementor-widget-container\">\n\t\t\t\t\t\t\t<p>Nesta comunica\u00e7\u00e3o pretendem-se abordar os cen\u00e1rios de aprendizagem potenciados pela exist\u00eancia de 9 projetos Erasmus KA2 e pelas certifica\u00e7\u00f5es Erasmus KA120 para o ensino escolar e para o ensino profissional no Agrupamento de Escolas Dr. Ginestal Machado. Neste agrupamento est\u00e3o em funcionamento diferentes tipologias de projetos Erasmus que envolveram este ano letivo 180 alunos e 50 professores das mais diversas \u00e1reas e de diferentes n\u00edveis de ensino, do 1.\u00ba ciclo ao 12.\u00ba ano. Com crit\u00e9rios de sele\u00e7\u00e3o bem definidos e de acordo com o p\u00fabico alvo e os objetivos do projeto, estes projetos permitem a alunos e professores implementar\/aplicar os objetivos do Decreto-Lei n.\u00ba 55\/2018, de 6 de Julho, as compet\u00eancias e capacidades do Perfil dos Alunos \u00e0 Sa\u00edda da Escolaridade Obrigat\u00f3ria e as aprendizagens essenciais das disciplinas envolvidas. Aplicando a metodologia de trabalho de projeto potenciam a criatividade, o esp\u00edrito cr\u00edtico, a autonomia a capacidade de resolu\u00e7\u00e3o de problemas. Esta comunica\u00e7\u00e3o dar\u00e1 \u00eanfase aos projetos de certifica\u00e7\u00e3o Erasmus pelas oportunidades que d\u00e3o a professores e alunos de fazerem <i>job shadowing<\/i>, cursos de forma\u00e7\u00e3o e de frequentar aulas numa escola.<\/p>\t\t\t\t\t\t<\/div>\n\t\t\t\t<\/div>\n\t\t\t\t\t<\/div>\n\t\t\t\t<\/div>\n\t\t\t\t\t\t\t<\/div>\n\t\t","protected":false},"excerpt":{"rendered":"<p>Comunica\u00e7\u00e3o Convencional &#8211; TIC@Portugal&#8217;23 &#8211; Santar\u00e9m Por Cristina Maria dos Santos Ferreira da Silva, Escola secund\u00e1ria Dr. Ginestal Machado Nesta comunica\u00e7\u00e3o pretendem-se abordar os cen\u00e1rios de aprendizagem potenciados pela exist\u00eancia de 9 projetos Erasmus KA2 e pelas certifica\u00e7\u00f5es Erasmus KA120 para o ensino escolar e para o ensino profissional no Agrupamento de Escolas Dr. Ginestal Machado. Neste agrupamento est\u00e3o em funcionamento diferentes tipologias de projetos Erasmus que envolveram este ano letivo 180 alunos e 50 professores das mais diversas \u00e1reas e de diferentes n\u00edveis de ensino, do 1.\u00ba ciclo ao 12.\u00ba ano. Com crit\u00e9rios de sele\u00e7\u00e3o bem definidos e de\u2026<\/p>\n","protected":false},"author":2,"featured_media":0,"parent":0,"menu_order":0,"comment_status":"closed","ping_status":"closed","template":"","meta":{"footnotes":""},"class_list":["post-857","page","type-page","status-publish","hentry"],"blocksy_meta":"","_links":{"self":[{"href":"https:\/\/wordpress.educom.pt\/TIC-Portugal-23\/wp-json\/wp\/v2\/pages\/857","targetHints":{"allow":["GET"]}}],"collection":[{"href":"https:\/\/wordpress.educom.pt\/TIC-Portugal-23\/wp-json\/wp\/v2\/pages"}],"about":[{"href":"https:\/\/wordpress.educom.pt\/TIC-Portugal-23\/wp-json\/wp\/v2\/types\/page"}],"author":[{"embeddable":true,"href":"https:\/\/wordpress.educom.pt\/TIC-Portugal-23\/wp-json\/wp\/v2\/users\/2"}],"replies":[{"embeddable":true,"href":"https:\/\/wordpress.educom.pt\/TIC-Portugal-23\/wp-json\/wp\/v2\/comments?post=857"}],"version-history":[{"count":4,"href":"https:\/\/wordpress.educom.pt\/TIC-Portugal-23\/wp-json\/wp\/v2\/pages\/857\/revisions"}],"predecessor-version":[{"id":861,"href":"https:\/\/wordpress.educom.pt\/TIC-Portugal-23\/wp-json\/wp\/v2\/pages\/857\/revisions\/861"}],"wp:attachment":[{"href":"https:\/\/wordpress.educom.pt\/TIC-Portugal-23\/wp-json\/wp\/v2\/media?parent=857"}],"curies":[{"name":"wp","href":"https:\/\/api.w.org\/{rel}","templated":true}]}}

Certificação Erasmus+, cenário de aprendizagem para todos

<div data-elementor-type="wp-page" data-elementor-id="857" class="elementor elementor-857">
							<div class="elementor-element elementor-element-9f4961d e-con-boxed e-flex e-con" data-id="9f4961d" data-element_type="container" data-settings="{&quot;content_width&quot;:&quot;boxed&quot;}">
					<div class="e-con-inner">
				<div class="elementor-element elementor-element-fdebc36 elementor-widget elementor-widget-heading" data-id="fdebc36" data-element_type="widget" data-widget_type="heading.default">
				<div class="elementor-widget-container">
			<style>/*! elementor - v3.13.1 - 09-05-2023 */
.elementor-heading-title{padding:0;margin:0;line-height:1}.elementor-widget-heading .elementor-heading-title[class*=elementor-size-]>a{color:inherit;font-size:inherit;line-height:inherit}.elementor-widget-heading .elementor-heading-title.elementor-size-small{font-size:15px}.elementor-widget-heading .elementor-heading-title.elementor-size-medium{font-size:19px}.elementor-widget-heading .elementor-heading-title.elementor-size-large{font-size:29px}.elementor-widget-heading .elementor-heading-title.elementor-size-xl{font-size:39px}.elementor-widget-heading .elementor-heading-title.elementor-size-xxl{font-size:59px}</style><h6 class="elementor-heading-title elementor-size-default">Comunicação Convencional - TIC@Portugal'23 - Santarém</h6>		</div>
				</div>
				<div class="elementor-element elementor-element-d58c4f4 elementor-invisible elementor-widget elementor-widget-text-editor" data-id="d58c4f4" data-element_type="widget" data-settings="{&quot;_animation&quot;:&quot;fadeInDown&quot;}" data-widget_type="text-editor.default">
				<div class="elementor-widget-container">
			<style>/*! elementor - v3.13.1 - 09-05-2023 */
.elementor-widget-text-editor.elementor-drop-cap-view-stacked .elementor-drop-cap{background-color:#69727d;color:#fff}.elementor-widget-text-editor.elementor-drop-cap-view-framed .elementor-drop-cap{color:#69727d;border:3px solid;background-color:transparent}.elementor-widget-text-editor:not(.elementor-drop-cap-view-default) .elementor-drop-cap{margin-top:8px}.elementor-widget-text-editor:not(.elementor-drop-cap-view-default) .elementor-drop-cap-letter{width:1em;height:1em}.elementor-widget-text-editor .elementor-drop-cap{float:left;text-align:center;line-height:1;font-size:50px}.elementor-widget-text-editor .elementor-drop-cap-letter{display:inline-block}</style>				<p>Por <strong>Cristina Maria dos Santos Ferreira da Silva</strong><span data-sheets-value="{&quot;1&quot;:2,&quot;2&quot;:&quot;Patrícia Alexandra Luísa Viegas&quot;}" data-sheets-userformat="{&quot;2&quot;:8897,&quot;3&quot;:{&quot;1&quot;:0},&quot;9&quot;:1,&quot;10&quot;:0,&quot;12&quot;:0,&quot;16&quot;:12}">, Escola secundária Dr. Ginestal Machado</span></p>						</div>
				</div>
				<div class="elementor-element elementor-element-66218f0 elementor-invisible elementor-widget elementor-widget-text-editor" data-id="66218f0" data-element_type="widget" data-settings="{&quot;_animation&quot;:&quot;fadeInUp&quot;}" data-widget_type="text-editor.default">
				<div class="elementor-widget-container">
							<p>Nesta comunicação pretendem-se abordar os cenários de aprendizagem potenciados pela existência de 9 projetos Erasmus KA2 e pelas certificações Erasmus KA120 para o ensino escolar e para o ensino profissional no Agrupamento de Escolas Dr. Ginestal Machado. Neste agrupamento estão em funcionamento diferentes tipologias de projetos Erasmus que envolveram este ano letivo 180 alunos e 50 professores das mais diversas áreas e de diferentes níveis de ensino, do 1.º ciclo ao 12.º ano. Com critérios de seleção bem definidos e de acordo com o púbico alvo e os objetivos do projeto, estes projetos permitem a alunos e professores implementar/aplicar os objetivos do Decreto-Lei n.º 55/2018, de 6 de Julho, as competências e capacidades do Perfil dos Alunos à Saída da Escolaridade Obrigatória e as aprendizagens essenciais das disciplinas envolvidas. Aplicando a metodologia de trabalho de projeto potenciam a criatividade, o espírito crítico, a autonomia a capacidade de resolução de problemas. Esta comunicação dará ênfase aos projetos de certificação Erasmus pelas oportunidades que dão a professores e alunos de fazerem <i>job shadowing</i>, cursos de formação e de frequentar aulas numa escola.</p>						</div>
				</div>
					</div>
				</div>
							</div>

<p>Comunicação Convencional &#8211; TIC@Portugal&#8217;23 &#8211; Santarém Por Cristina Maria dos Santos Ferreira da Silva, Escola secundária Dr. Ginestal Machado Nesta comunicação pretendem-se abordar os cenários de aprendizagem potenciados pela existência de 9 projetos Erasmus KA2 e pelas certificações Erasmus KA120 para o ensino escolar e para o ensino profissional no Agrupamento de Escolas Dr. Ginestal Machado. Neste agrupamento estão em funcionamento diferentes tipologias de projetos Erasmus que envolveram este ano letivo 180 alunos e 50 professores das mais diversas áreas e de diferentes níveis de ensino, do 1.º ciclo ao 12.º ano. Com critérios de seleção bem definidos e de…</p>
