{"id":930,"date":"2023-06-14T12:59:14","date_gmt":"2023-06-14T12:59:14","guid":{"rendered":"https:\/\/wordpress.educom.pt\/TIC-Portugal-23\/?page_id=930"},"modified":"2023-06-14T13:02:03","modified_gmt":"2023-06-14T13:02:03","slug":"cc8coim-stop-motion","status":"publish","type":"page","link":"https:\/\/wordpress.educom.pt\/TIC-Portugal-23\/cc8coim-stop-motion\/","title":{"rendered":"Era uma vez um MITO: v\u00eddeos em Stop Motion"},"content":{"rendered":"\t\t<div data-elementor-type=\"wp-page\" data-elementor-id=\"930\" class=\"elementor elementor-930\">\n\t\t\t\t\t\t\t<div class=\"elementor-element elementor-element-9f4961d e-con-boxed e-flex e-con\" data-id=\"9f4961d\" data-element_type=\"container\" data-settings=\"{&quot;content_width&quot;:&quot;boxed&quot;}\">\n\t\t\t\t\t<div class=\"e-con-inner\">\n\t\t\t\t<div class=\"elementor-element elementor-element-fdebc36 elementor-widget elementor-widget-heading\" data-id=\"fdebc36\" data-element_type=\"widget\" data-widget_type=\"heading.default\">\n\t\t\t\t<div class=\"elementor-widget-container\">\n\t\t\t<style>\/*! elementor - v3.13.1 - 09-05-2023 *\/\n.elementor-heading-title{padding:0;margin:0;line-height:1}.elementor-widget-heading .elementor-heading-title[class*=elementor-size-]>a{color:inherit;font-size:inherit;line-height:inherit}.elementor-widget-heading .elementor-heading-title.elementor-size-small{font-size:15px}.elementor-widget-heading .elementor-heading-title.elementor-size-medium{font-size:19px}.elementor-widget-heading .elementor-heading-title.elementor-size-large{font-size:29px}.elementor-widget-heading .elementor-heading-title.elementor-size-xl{font-size:39px}.elementor-widget-heading .elementor-heading-title.elementor-size-xxl{font-size:59px}<\/style><h6 class=\"elementor-heading-title elementor-size-default\">Comunica\u00e7\u00e3o Convencional - TIC@Portugal'23 - Coimbra<\/h6>\t\t<\/div>\n\t\t\t\t<\/div>\n\t\t\t\t<div class=\"elementor-element elementor-element-d58c4f4 elementor-invisible elementor-widget elementor-widget-text-editor\" data-id=\"d58c4f4\" data-element_type=\"widget\" data-settings=\"{&quot;_animation&quot;:&quot;fadeInDown&quot;}\" data-widget_type=\"text-editor.default\">\n\t\t\t\t<div class=\"elementor-widget-container\">\n\t\t\t<style>\/*! elementor - v3.13.1 - 09-05-2023 *\/\n.elementor-widget-text-editor.elementor-drop-cap-view-stacked .elementor-drop-cap{background-color:#69727d;color:#fff}.elementor-widget-text-editor.elementor-drop-cap-view-framed .elementor-drop-cap{color:#69727d;border:3px solid;background-color:transparent}.elementor-widget-text-editor:not(.elementor-drop-cap-view-default) .elementor-drop-cap{margin-top:8px}.elementor-widget-text-editor:not(.elementor-drop-cap-view-default) .elementor-drop-cap-letter{width:1em;height:1em}.elementor-widget-text-editor .elementor-drop-cap{float:left;text-align:center;line-height:1;font-size:50px}.elementor-widget-text-editor .elementor-drop-cap-letter{display:inline-block}<\/style>\t\t\t\t<p>Por <strong>Ana Rita\u00a0 Amorim<\/strong>, <strong>Lisete Cristina Santos<\/strong> e <strong>Isabel Maria Cruz<\/strong>, Agrupamento de Escolas de Condeixa-a-Nova<\/p>\t\t\t\t\t\t<\/div>\n\t\t\t\t<\/div>\n\t\t\t\t<div class=\"elementor-element elementor-element-66218f0 elementor-invisible elementor-widget elementor-widget-text-editor\" data-id=\"66218f0\" data-element_type=\"widget\" data-settings=\"{&quot;_animation&quot;:&quot;fadeInUp&quot;}\" data-widget_type=\"text-editor.default\">\n\t\t\t\t<div class=\"elementor-widget-container\">\n\t\t\t\t\t\t\t<p>Este Dom\u00ednio de Articula\u00e7\u00e3o Curricular no 7.\u00ba ano envolveu Hist, Port, EV, EM e TIC, em colabora\u00e7\u00e3o com a BE. O projeto teve como objetivo principal a articula\u00e7\u00e3o de diferentes \u00e1reas de express\u00e3o criativa, incluindo literatura, express\u00e3o visual, pl\u00e1stica e sonora. Os alunos tiveram oportunidade de desenvolver habilidades de trabalho em grupo, aprofundar os seus conhecimentos sobre a cultura cl\u00e1ssica, especialmente a mitologia. Dentre as compet\u00eancias trabalhadas, destacam-se a capacidade de pesquisa, o tratamento da informa\u00e7\u00e3o, o desenvolvimento de storytelling e o contato com diferentes ferramentas digitais, como edi\u00e7\u00e3o de imagem, som e v\u00eddeo. Implementa\u00e7\u00e3o do projeto: Abordagem dos mitos Hist, a BE orientou a pesquisa de informa\u00e7\u00f5es. Textos elaborados em Port. Em EV elabora\u00e7\u00e3o dos storyboards, cria\u00e7\u00e3o de personagens\/cen\u00e1rios. Cenas foram gravadas com telem\u00f3vel &#8211; t\u00e9cnica Stop Motion. \u00c1udios gravados em EM, editados na ferramenta Audacity. TIC utiliza\u00e7\u00e3o do software VSDC &#8211; montagem o material digital. O impacto na aprendizagem foi significativo. Os alunos desenvolveram compet\u00eancias de an\u00e1lise e sele\u00e7\u00e3o de informa\u00e7\u00f5es, escrita criativa e express\u00e3o art\u00edstica (pl\u00e1stica e musical). Al\u00e9m disso, adquiriram habilidades tecnol\u00f3gicas e digitais, melhoraram o relacionamento interpessoal e colaborativo, e desenvolveram autonomia e autoestima.<\/p><p>Legisla\u00e7\u00e3o Nacional. (2018). Decreto-Lei n.\u00ba 54\/2018, de 6 de julho. Di\u00e1rio da Rep\u00fablica, 1.\u00aa s\u00e9rie, n.\u00ba 129.<\/p>\t\t\t\t\t\t<\/div>\n\t\t\t\t<\/div>\n\t\t\t\t\t<\/div>\n\t\t\t\t<\/div>\n\t\t\t\t\t\t\t<\/div>\n\t\t","protected":false},"excerpt":{"rendered":"<p>Comunica\u00e7\u00e3o Convencional &#8211; TIC@Portugal&#8217;23 &#8211; Coimbra Por Ana Rita\u00a0 Amorim, Lisete Cristina Santos e Isabel Maria Cruz, Agrupamento de Escolas de Condeixa-a-Nova Este Dom\u00ednio de Articula\u00e7\u00e3o Curricular no 7.\u00ba ano envolveu Hist, Port, EV, EM e TIC, em colabora\u00e7\u00e3o com a BE. O projeto teve como objetivo principal a articula\u00e7\u00e3o de diferentes \u00e1reas de express\u00e3o criativa, incluindo literatura, express\u00e3o visual, pl\u00e1stica e sonora. Os alunos tiveram oportunidade de desenvolver habilidades de trabalho em grupo, aprofundar os seus conhecimentos sobre a cultura cl\u00e1ssica, especialmente a mitologia. Dentre as compet\u00eancias trabalhadas, destacam-se a capacidade de pesquisa, o tratamento da informa\u00e7\u00e3o, o desenvolvimento\u2026<\/p>\n","protected":false},"author":2,"featured_media":0,"parent":0,"menu_order":0,"comment_status":"closed","ping_status":"closed","template":"","meta":{"footnotes":""},"class_list":["post-930","page","type-page","status-publish","hentry"],"blocksy_meta":"","_links":{"self":[{"href":"https:\/\/wordpress.educom.pt\/TIC-Portugal-23\/wp-json\/wp\/v2\/pages\/930","targetHints":{"allow":["GET"]}}],"collection":[{"href":"https:\/\/wordpress.educom.pt\/TIC-Portugal-23\/wp-json\/wp\/v2\/pages"}],"about":[{"href":"https:\/\/wordpress.educom.pt\/TIC-Portugal-23\/wp-json\/wp\/v2\/types\/page"}],"author":[{"embeddable":true,"href":"https:\/\/wordpress.educom.pt\/TIC-Portugal-23\/wp-json\/wp\/v2\/users\/2"}],"replies":[{"embeddable":true,"href":"https:\/\/wordpress.educom.pt\/TIC-Portugal-23\/wp-json\/wp\/v2\/comments?post=930"}],"version-history":[{"count":4,"href":"https:\/\/wordpress.educom.pt\/TIC-Portugal-23\/wp-json\/wp\/v2\/pages\/930\/revisions"}],"predecessor-version":[{"id":934,"href":"https:\/\/wordpress.educom.pt\/TIC-Portugal-23\/wp-json\/wp\/v2\/pages\/930\/revisions\/934"}],"wp:attachment":[{"href":"https:\/\/wordpress.educom.pt\/TIC-Portugal-23\/wp-json\/wp\/v2\/media?parent=930"}],"curies":[{"name":"wp","href":"https:\/\/api.w.org\/{rel}","templated":true}]}}